{"id":4703,"date":"2025-04-16T12:20:55","date_gmt":"2025-04-16T10:20:55","guid":{"rendered":"https:\/\/www.fuss-ev.de\/land-brandenburg\/?page_id=4703"},"modified":"2025-05-13T10:31:35","modified_gmt":"2025-05-13T08:31:35","slug":"wandern","status":"publish","type":"page","link":"https:\/\/www.fuss-ev.de\/land-brandenburg\/wandern\/","title":{"rendered":"Wandern"},"content":{"rendered":"<div class=\"wpb-content-wrapper\"><p>[vc_row][vc_column][vc_column_text css=&#8221;&#8221;]<\/p>\n<h1>Zu Fu\u00df durchs Land<\/h1>\n<p>[\/vc_column_text][\/vc_column][\/vc_row][vc_row][vc_column width=&#8221;2\/3&#8243;][vc_column_text css=&#8221;&#8221;]<\/p>\n<h2><strong>Hauptwege zum Wandern<\/strong><\/h2>\n<p>Das Land verf\u00fcgt durch die aktive Mitarbeit des FUSS e.V. seit 2003 \u00fcber ein in Deutschland einmaliges, mit \u00f6ffentlichen Verkehrsmitteln erreichbares, <strong>Hauptwanderwegenetz<\/strong>.<\/p>\n<p>In einer L\u00e4nge von ca. 1.300 Kilometern sind derzeit insgesamt 78 Wander-Etappen mit Bus und Bahn erreichbar. Sie k\u00f6nnen 21 W\u00fcnsche \u00e4u\u00dfern, wie z.B. das Wandern mit Kindern oder auch sportliche Herausforderungen, etc.. Auf jeden Fall ist die Anreise mit dem Auto ung\u00fcnstig, denn es geht immer nur vorw\u00e4rts\u2026 zum n\u00e4chsten Bahnhof oder zur n\u00e4chsten Haltestelle. Alle Wanderkarten k\u00f6nnen ausgedruckt werden.<\/p>\n<p>Infos: <a href=\"http:\/\/www.abgefahren-losgewandert.de\">www.abgefahren-losgewandert.de<\/a>[\/vc_column_text][\/vc_column][vc_column width=&#8221;1\/3&#8243;][vc_single_image image=&#8221;4676&#8243; alignment=&#8221;right&#8221; css=&#8221;&#8221;][vc_single_image image=&#8221;4677&#8243; css=&#8221;&#8221;][vc_column_text css=&#8221;&#8221;]Projektlogo: Mareike Thies, FUSS e.V.[\/vc_column_text][\/vc_column][\/vc_row][vc_row][vc_column width=&#8221;1\/3&#8243;][vc_single_image image=&#8221;4678&#8243; css=&#8221;&#8221;][vc_column_text css=&#8221;&#8221;]Bahnhof Frankfurt (Oder) (Foto: Bernd Herzog-Schlagk, FUSS e.V.)[\/vc_column_text][\/vc_column][vc_column width=&#8221;2\/3&#8243;][vc_column_text css=&#8221;&#8221;]<\/p>\n<h2><strong>Aus der Stadt wandern<\/strong><\/h2>\n<p>In der Regel ist es eine Herausforderung <strong>aus der Stadt herauszuwandern<\/strong> oder am Ende der Wanderung den Abfahrtbahnhof zu erreichen.<\/p>\n<p>Der Verlauf des Europ\u00e4ischen Fernwanderweges E 11 wurde 2019 von FUSS e.V. beispielhaft auf dem Gebiet der Stadt Frankfurt (Oder) genauer analysiert und anschlie\u00dfend festgelegt. In Frankfurt (Oder) befinden sich immerhin insgesamt knapp 12 Kilometer Wanderweg im st\u00e4dtischen Gebiet, die bisher weder ausgeschildert oder markiert, noch in Karten ausgewiesen werden. Das soll sich \u00e4ndern.<\/p>\n<p>Infos:<\/p>\n<ul>\n<li><a href=\"http:\/\/www.fussverkehrsstrategie.de\/modellstaedte\/9-staedte\/94-frankfurt-oder.html\">www.fussverkehrsstrategie.de\/modellstaedte\/9-staedte\/94-frankfurt-oder.html<\/a><\/li>\n<li><a title=\"Link \u00f6ffnet sich in neuem Tab\/Reiter\" href=\"https:\/\/www.umkehr-fuss-online-shop.de\/kostenlose-downloads\/category\/1-fussverkehrsstrategie.html?download=442:wanderweg-e11&amp;start=60\" target=\"_blank\" rel=\"noopener\">Wegef\u00fchrung des Europ\u00e4ischen Fernwanderweges E11 im Stadtgebiet von Frankfurt (Oder) (PDF)<\/a><\/li>\n<\/ul>\n<p>[\/vc_column_text][\/vc_column][\/vc_row][vc_row][vc_column width=&#8221;2\/3&#8243;][vc_column_text css=&#8221;&#8221;]<\/p>\n<h2><strong>Wanderwege-Check in Oberhavel<\/strong><\/h2>\n<p>Eine Wanderwege-Gruppe des Vereins Umweltbahnhof Dannenwalde e.V. hat zusammen mit dem FUSS e.V. 2023 auf dem Europ\u00e4ischen Fernwanderweg E10 eine 11 Kilometer lange Etappe getestet und festgehalten, wo die Wegweisungen nachgebessert werden und vor allem, wo die Wanderinnen und Wanderer an Stra\u00dfenabschnitten unbedingt gesch\u00fctzt werden m\u00fcssen. Eine detaillierte Unterlage wurde den zust\u00e4ndigen Stellen mit einem Unterst\u00fctzungsangebot zur Verf\u00fcgung gestellt, die Reaktionen stehen noch aus.<\/p>\n<p><strong>Downloads:<\/strong><\/p>\n<ul>\n<li><a href=\"https:\/\/www.fuss-ev.de\/land-brandenburg\/wp-content\/uploads\/sites\/22\/2025\/04\/Wanderweg-Check-E10.pdf\" target=\"_blank\" rel=\"noopener\">Wanderweg-Check (pdf)<\/a><\/li>\n<\/ul>\n<p>[\/vc_column_text][\/vc_column][vc_column width=&#8221;1\/3&#8243;][vc_single_image image=&#8221;4682&#8243; alignment=&#8221;right&#8221; css=&#8221;&#8221;][vc_column_text css=&#8221;&#8221;]Ein gef\u00e4hrlicher Stra\u00dfenabschnitt (Foto: Bernd Herzog-Schlagk, FUSS e.V.)[\/vc_column_text][\/vc_column][\/vc_row][vc_row][vc_column width=&#8221;1\/3&#8243;][vc_single_image image=&#8221;4752&#8243; css=&#8221;&#8221;][\/vc_column][vc_column width=&#8221;2\/3&#8243;][vc_column_text css=&#8221;&#8221;]<\/p>\n<h2>Wanderwege kreuzen Stra\u00dfen<\/h2>\n<p>Sie tun es in der Landschaft &#8211; und diese Querungsstellen werden in der Regel f\u00fcr die Wanderinnen und Wanderer nicht ausreichend gesichert.<\/p>\n<p>FUSS e.V. und der Verein Umweltbahnhof Dannenwalde e.V. haben einen Fu\u00df- und Radverkehrs-Check an einer solchen Stelle im Norden Brandenburgs an der schnell befahrenen Bundesstra\u00dfe B96 durchgef\u00fchrt und erschreckende Missst\u00e4nde festgestellt. In einer Expertise wurden f\u00fcr den Landkreis als Untere Stra\u00dfenverkehrsbeh\u00f6rde Vorschl\u00e4ge zusammengestellt, wie die Situation f\u00fcr alle Verkehrsteilnehmer sicherer werden kann. Ein Beispiel, wie man auch in anderen Regionen argumentieren k\u00f6nnte:<\/p>\n<p><a href=\"https:\/\/www.fuss-ev.de\/land-brandenburg\/wp-content\/uploads\/sites\/22\/2025\/04\/Expertise-Querung-B96.pdf\" target=\"_blank\" rel=\"noopener\">EXPERTISE<\/a><br \/>\nzur derzeitigen Querungssituation an der Bundesstra\u00dfe B 96 \/ Abzweig Seilershof (PDF-Download)<\/p>\n<p><strong>Weitere Downloads:<\/strong><\/p>\n<ul>\n<li>Flyer: <a href=\"https:\/\/www.fuss-ev.de\/land-brandenburg\/wp-content\/uploads\/sites\/22\/2025\/04\/WBB-Flyer-Version-Bildschirm.pdf\" target=\"_blank\" rel=\"noopener\">&#8220;Abgefahren. Losgewandert.&#8221; (PDF)<\/a><\/li>\n<li>Pressemitteilung: <a href=\"https:\/\/www.fuss-ev.de\/land-brandenburg\/wp-content\/uploads\/sites\/22\/2025\/04\/PR-B96-Querung-23-2-2021-1.pdf\" target=\"_blank\" rel=\"noopener\">\u201eTempo 50 auf der B96 bei Seilershof \u2013 Ein Erfolg gemeinsamer Zusammenarbeit\u201c (PDF)<\/a><\/li>\n<\/ul>\n<p>[\/vc_column_text][\/vc_column][\/vc_row]<\/p>\n<\/div>","protected":false},"excerpt":{"rendered":"<p>[vc_row][vc_column][vc_column_text css=&#8221;&#8221;] Zu Fu\u00df durchs Land [\/vc_column_text][\/vc_column][\/vc_row][vc_row][vc_column width=&#8221;2\/3&#8243;][vc_column_text css=&#8221;&#8221;] Hauptwege zum Wandern Das Land verf\u00fcgt durch die aktive Mitarbeit des FUSS e.V. seit 2003 \u00fcber ein in Deutschland einmaliges, mit \u00f6ffentlichen Verkehrsmitteln erreichbares, Hauptwanderwegenetz. In [&hellip;]<\/p>\n","protected":false},"author":6,"featured_media":0,"parent":0,"menu_order":0,"comment_status":"closed","ping_status":"closed","template":"","meta":{"_acf_changed":false,"_relevanssi_hide_post":"","_relevanssi_hide_content":"","_relevanssi_pin_for_all":"","_relevanssi_pin_keywords":"","_relevanssi_unpin_keywords":"","_relevanssi_related_keywords":"","_relevanssi_related_include_ids":"","_relevanssi_related_exclude_ids":"","_relevanssi_related_no_append":"","_relevanssi_related_not_related":"","_relevanssi_related_posts":"","_relevanssi_noindex_reason":"","footnotes":""},"class_list":["post-4703","page","type-page","status-publish","hentry"],"acf":[],"yoast_head":"<!-- This site is optimized with the Yoast SEO plugin v27.4 - https:\/\/yoast.com\/product\/yoast-seo-wordpress\/ -->\n<title>Wandern - FUSS e.V. Land Brandenburg<\/title>\n<meta name=\"description\" content=\"Das Land verf\u00fcgt durch die aktive Mitarbeit des FUSS e.V. seit 2003 \u00fcber ein in Deutschland einmaliges, mit \u00f6ffentlichen Verkehrsmitteln erreichbares Hauptwanderwegenetz. FUSS e.V. Brandenburg hat zusammen mit dem Umweltbahnhof Dannenwalde e.V. einzelne Wanderwege getestet.\" \/>\n<meta name=\"robots\" content=\"noindex, follow, max-snippet:-1, max-image-preview:large, max-video-preview:-1\" \/>\n<meta property=\"og:locale\" content=\"de_DE\" \/>\n<meta property=\"og:type\" content=\"article\" \/>\n<meta property=\"og:title\" content=\"Wandern - FUSS e.V. Land Brandenburg\" \/>\n<meta property=\"og:description\" content=\"Das Land verf\u00fcgt durch die aktive Mitarbeit des FUSS e.V. seit 2003 \u00fcber ein in Deutschland einmaliges, mit \u00f6ffentlichen Verkehrsmitteln erreichbares Hauptwanderwegenetz. FUSS e.V. Brandenburg hat zusammen mit dem Umweltbahnhof Dannenwalde e.V. einzelne Wanderwege getestet.\" \/>\n<meta property=\"og:url\" content=\"https:\/\/www.fuss-ev.de\/land-brandenburg\/wandern\/\" \/>\n<meta property=\"og:site_name\" content=\"FUSS e.V. Land Brandenburg\" \/>\n<meta property=\"article:modified_time\" content=\"2025-05-13T08:31:35+00:00\" \/>\n<meta name=\"twitter:card\" content=\"summary_large_image\" \/>\n<meta name=\"twitter:label1\" content=\"Gesch\u00e4tzte Lesezeit\" \/>\n\t<meta name=\"twitter:data1\" content=\"4\u00a0Minuten\" \/>\n<script type=\"application\/ld+json\" class=\"yoast-schema-graph\">{\"@context\":\"https:\\\/\\\/schema.org\",\"@graph\":[{\"@type\":\"WebPage\",\"@id\":\"https:\\\/\\\/www.fuss-ev.de\\\/land-brandenburg\\\/wandern\\\/\",\"url\":\"https:\\\/\\\/www.fuss-ev.de\\\/land-brandenburg\\\/wandern\\\/\",\"name\":\"Wandern - FUSS e.V. Land Brandenburg\",\"isPartOf\":{\"@id\":\"https:\\\/\\\/www.fuss-ev.de\\\/land-brandenburg\\\/#website\"},\"datePublished\":\"2025-04-16T10:20:55+00:00\",\"dateModified\":\"2025-05-13T08:31:35+00:00\",\"description\":\"Das Land verf\u00fcgt durch die aktive Mitarbeit des FUSS e.V. seit 2003 \u00fcber ein in Deutschland einmaliges, mit \u00f6ffentlichen Verkehrsmitteln erreichbares Hauptwanderwegenetz. FUSS e.V. Brandenburg hat zusammen mit dem Umweltbahnhof Dannenwalde e.V. einzelne Wanderwege getestet.\",\"breadcrumb\":{\"@id\":\"https:\\\/\\\/www.fuss-ev.de\\\/land-brandenburg\\\/wandern\\\/#breadcrumb\"},\"inLanguage\":\"de\",\"potentialAction\":[{\"@type\":\"ReadAction\",\"target\":[\"https:\\\/\\\/www.fuss-ev.de\\\/land-brandenburg\\\/wandern\\\/\"]}]},{\"@type\":\"BreadcrumbList\",\"@id\":\"https:\\\/\\\/www.fuss-ev.de\\\/land-brandenburg\\\/wandern\\\/#breadcrumb\",\"itemListElement\":[{\"@type\":\"ListItem\",\"position\":1,\"name\":\"Startseite\",\"item\":\"https:\\\/\\\/www.fuss-ev.de\\\/land-brandenburg\\\/\"},{\"@type\":\"ListItem\",\"position\":2,\"name\":\"Wandern\"}]},{\"@type\":\"WebSite\",\"@id\":\"https:\\\/\\\/www.fuss-ev.de\\\/land-brandenburg\\\/#website\",\"url\":\"https:\\\/\\\/www.fuss-ev.de\\\/land-brandenburg\\\/\",\"name\":\"FUSS e.V. Land Brandenburg\",\"description\":\"\",\"publisher\":{\"@id\":\"https:\\\/\\\/www.fuss-ev.de\\\/land-brandenburg\\\/#organization\"},\"potentialAction\":[{\"@type\":\"SearchAction\",\"target\":{\"@type\":\"EntryPoint\",\"urlTemplate\":\"https:\\\/\\\/www.fuss-ev.de\\\/land-brandenburg\\\/?s={search_term_string}\"},\"query-input\":{\"@type\":\"PropertyValueSpecification\",\"valueRequired\":true,\"valueName\":\"search_term_string\"}}],\"inLanguage\":\"de\"},{\"@type\":\"Organization\",\"@id\":\"https:\\\/\\\/www.fuss-ev.de\\\/land-brandenburg\\\/#organization\",\"name\":\"FUSS e.V. Land Brandenburg\",\"url\":\"https:\\\/\\\/www.fuss-ev.de\\\/land-brandenburg\\\/\",\"logo\":{\"@type\":\"ImageObject\",\"inLanguage\":\"de\",\"@id\":\"https:\\\/\\\/www.fuss-ev.de\\\/land-brandenburg\\\/#\\\/schema\\\/logo\\\/image\\\/\",\"url\":\"https:\\\/\\\/www.fuss-ev.de\\\/land-brandenburg\\\/wp-content\\\/uploads\\\/sites\\\/22\\\/2025\\\/04\\\/cropped-FUSS-Logo_Brandenburg_web_300pxbreit.png\",\"contentUrl\":\"https:\\\/\\\/www.fuss-ev.de\\\/land-brandenburg\\\/wp-content\\\/uploads\\\/sites\\\/22\\\/2025\\\/04\\\/cropped-FUSS-Logo_Brandenburg_web_300pxbreit.png\",\"width\":300,\"height\":110,\"caption\":\"FUSS e.V. Land Brandenburg\"},\"image\":{\"@id\":\"https:\\\/\\\/www.fuss-ev.de\\\/land-brandenburg\\\/#\\\/schema\\\/logo\\\/image\\\/\"}}]}<\/script>\n<!-- \/ Yoast SEO plugin. -->","yoast_head_json":{"title":"Wandern - FUSS e.V. Land Brandenburg","description":"Das Land verf\u00fcgt durch die aktive Mitarbeit des FUSS e.V. seit 2003 \u00fcber ein in Deutschland einmaliges, mit \u00f6ffentlichen Verkehrsmitteln erreichbares Hauptwanderwegenetz. FUSS e.V. Brandenburg hat zusammen mit dem Umweltbahnhof Dannenwalde e.V. einzelne Wanderwege getestet.","robots":{"index":"noindex","follow":"follow","max-snippet":"max-snippet:-1","max-image-preview":"max-image-preview:large","max-video-preview":"max-video-preview:-1"},"og_locale":"de_DE","og_type":"article","og_title":"Wandern - FUSS e.V. Land Brandenburg","og_description":"Das Land verf\u00fcgt durch die aktive Mitarbeit des FUSS e.V. seit 2003 \u00fcber ein in Deutschland einmaliges, mit \u00f6ffentlichen Verkehrsmitteln erreichbares Hauptwanderwegenetz. FUSS e.V. Brandenburg hat zusammen mit dem Umweltbahnhof Dannenwalde e.V. einzelne Wanderwege getestet.","og_url":"https:\/\/www.fuss-ev.de\/land-brandenburg\/wandern\/","og_site_name":"FUSS e.V. Land Brandenburg","article_modified_time":"2025-05-13T08:31:35+00:00","twitter_card":"summary_large_image","twitter_misc":{"Gesch\u00e4tzte Lesezeit":"4\u00a0Minuten"},"schema":{"@context":"https:\/\/schema.org","@graph":[{"@type":"WebPage","@id":"https:\/\/www.fuss-ev.de\/land-brandenburg\/wandern\/","url":"https:\/\/www.fuss-ev.de\/land-brandenburg\/wandern\/","name":"Wandern - FUSS e.V. Land Brandenburg","isPartOf":{"@id":"https:\/\/www.fuss-ev.de\/land-brandenburg\/#website"},"datePublished":"2025-04-16T10:20:55+00:00","dateModified":"2025-05-13T08:31:35+00:00","description":"Das Land verf\u00fcgt durch die aktive Mitarbeit des FUSS e.V. seit 2003 \u00fcber ein in Deutschland einmaliges, mit \u00f6ffentlichen Verkehrsmitteln erreichbares Hauptwanderwegenetz. FUSS e.V. Brandenburg hat zusammen mit dem Umweltbahnhof Dannenwalde e.V. einzelne Wanderwege getestet.","breadcrumb":{"@id":"https:\/\/www.fuss-ev.de\/land-brandenburg\/wandern\/#breadcrumb"},"inLanguage":"de","potentialAction":[{"@type":"ReadAction","target":["https:\/\/www.fuss-ev.de\/land-brandenburg\/wandern\/"]}]},{"@type":"BreadcrumbList","@id":"https:\/\/www.fuss-ev.de\/land-brandenburg\/wandern\/#breadcrumb","itemListElement":[{"@type":"ListItem","position":1,"name":"Startseite","item":"https:\/\/www.fuss-ev.de\/land-brandenburg\/"},{"@type":"ListItem","position":2,"name":"Wandern"}]},{"@type":"WebSite","@id":"https:\/\/www.fuss-ev.de\/land-brandenburg\/#website","url":"https:\/\/www.fuss-ev.de\/land-brandenburg\/","name":"FUSS e.V. Land Brandenburg","description":"","publisher":{"@id":"https:\/\/www.fuss-ev.de\/land-brandenburg\/#organization"},"potentialAction":[{"@type":"SearchAction","target":{"@type":"EntryPoint","urlTemplate":"https:\/\/www.fuss-ev.de\/land-brandenburg\/?s={search_term_string}"},"query-input":{"@type":"PropertyValueSpecification","valueRequired":true,"valueName":"search_term_string"}}],"inLanguage":"de"},{"@type":"Organization","@id":"https:\/\/www.fuss-ev.de\/land-brandenburg\/#organization","name":"FUSS e.V. Land Brandenburg","url":"https:\/\/www.fuss-ev.de\/land-brandenburg\/","logo":{"@type":"ImageObject","inLanguage":"de","@id":"https:\/\/www.fuss-ev.de\/land-brandenburg\/#\/schema\/logo\/image\/","url":"https:\/\/www.fuss-ev.de\/land-brandenburg\/wp-content\/uploads\/sites\/22\/2025\/04\/cropped-FUSS-Logo_Brandenburg_web_300pxbreit.png","contentUrl":"https:\/\/www.fuss-ev.de\/land-brandenburg\/wp-content\/uploads\/sites\/22\/2025\/04\/cropped-FUSS-Logo_Brandenburg_web_300pxbreit.png","width":300,"height":110,"caption":"FUSS e.V. Land Brandenburg"},"image":{"@id":"https:\/\/www.fuss-ev.de\/land-brandenburg\/#\/schema\/logo\/image\/"}}]}},"publishpress_future_action":{"enabled":false,"date":"2026-05-08 11:28:46","action":"change-status","newStatus":"draft","terms":[],"taxonomy":"","extraData":[]},"publishpress_future_workflow_manual_trigger":{"enabledWorkflows":[]},"_links":{"self":[{"href":"https:\/\/www.fuss-ev.de\/land-brandenburg\/wp-json\/wp\/v2\/pages\/4703","targetHints":{"allow":["GET"]}}],"collection":[{"href":"https:\/\/www.fuss-ev.de\/land-brandenburg\/wp-json\/wp\/v2\/pages"}],"about":[{"href":"https:\/\/www.fuss-ev.de\/land-brandenburg\/wp-json\/wp\/v2\/types\/page"}],"author":[{"embeddable":true,"href":"https:\/\/www.fuss-ev.de\/land-brandenburg\/wp-json\/wp\/v2\/users\/6"}],"replies":[{"embeddable":true,"href":"https:\/\/www.fuss-ev.de\/land-brandenburg\/wp-json\/wp\/v2\/comments?post=4703"}],"version-history":[{"count":9,"href":"https:\/\/www.fuss-ev.de\/land-brandenburg\/wp-json\/wp\/v2\/pages\/4703\/revisions"}],"predecessor-version":[{"id":4829,"href":"https:\/\/www.fuss-ev.de\/land-brandenburg\/wp-json\/wp\/v2\/pages\/4703\/revisions\/4829"}],"wp:attachment":[{"href":"https:\/\/www.fuss-ev.de\/land-brandenburg\/wp-json\/wp\/v2\/media?parent=4703"}],"curies":[{"name":"wp","href":"https:\/\/api.w.org\/{rel}","templated":true}]}}