{"id":82,"date":"2025-01-29T11:31:03","date_gmt":"2025-01-29T10:31:03","guid":{"rendered":"https:\/\/www.fuss-ev.de\/koeln\/?page_id=82"},"modified":"2025-07-09T21:06:13","modified_gmt":"2025-07-09T19:06:13","slug":"kontakt","status":"publish","type":"page","link":"https:\/\/www.fuss-ev.de\/koeln\/kontakt\/","title":{"rendered":"Kontakt zu uns"},"content":{"rendered":"<div class=\"wpb-content-wrapper\"><p>[vc_row][vc_column width=&#8221;1\/6&#8243;][\/vc_column][vc_column width=&#8221;2\/3&#8243;][vc_column_text css=&#8221;&#8221;]<\/p>\n<div class=\"com-content-article__body\">\n<h1>Wir freuen uns \u00fcber Ihre Kontaktaufnahme!<\/h1>\n<h2>Kontakt zu FUSS e.V. K\u00f6ln<\/h2>\n<p>FUSS e.V. \u2013 Ortsgruppe K\u00f6ln<br \/>\nAnne Grose (Sprecherin)<br \/>\nE-Mail: <span id=\"cloak2cfa7282f07f4c69422cc87a1a62df9f\"><a href=\"mailto:koeln@fuss-ev.de\">koeln@fuss-ev.de<\/a><\/span><\/p>\n<\/div>\n<p>&nbsp;<\/p>\n<div class=\"wpb_text_column wpb_content_element\">\n<div class=\"wpb_wrapper\">\n<h2>Kontakt zur Bundesgesch\u00e4ftsstelle<\/h2>\n<p>FUSS e.V. Bundesgesch\u00e4ftsstelle<br \/>\nExerzierstra\u00dfe 20<br \/>\nD-13357 Berlin (Mitte)<br \/>\nTel. +49 (0)30 492 -74 73<br \/>\nE-Mail: <a href=\"mailto:info@fuss-ev.de\">info@fuss-ev.de<\/a><br \/>\nWeb: <a href=\"https:\/\/www.fuss-ev.de\" target=\"_blank\" rel=\"noopener\">www.fuss-ev.de<\/a><\/p>\n<\/div>\n<\/div>\n<p>[\/vc_column_text][\/vc_column][vc_column width=&#8221;1\/6&#8243;][\/vc_column][\/vc_row]<\/p>\n<\/div>","protected":false},"excerpt":{"rendered":"<p>[vc_row][vc_column width=&#8221;1\/6&#8243;][\/vc_column][vc_column width=&#8221;2\/3&#8243;][vc_column_text css=&#8221;&#8221;] Wir freuen uns \u00fcber Ihre Kontaktaufnahme! Kontakt zu FUSS e.V. K\u00f6ln FUSS e.V. \u2013 Ortsgruppe K\u00f6ln Anne Grose (Sprecherin) E-Mail: koeln@fuss-ev.de &nbsp; Kontakt zur Bundesgesch\u00e4ftsstelle FUSS e.V. Bundesgesch\u00e4ftsstelle Exerzierstra\u00dfe 20 D-13357 [&hellip;]<\/p>\n","protected":false},"author":1,"featured_media":0,"parent":0,"menu_order":2,"comment_status":"closed","ping_status":"closed","template":"","meta":{"_acf_changed":false,"_relevanssi_hide_post":"","_relevanssi_hide_content":"","_relevanssi_pin_for_all":"","_relevanssi_pin_keywords":"","_relevanssi_unpin_keywords":"","_relevanssi_related_keywords":"","_relevanssi_related_include_ids":"","_relevanssi_related_exclude_ids":"","_relevanssi_related_no_append":"","_relevanssi_related_not_related":"","_relevanssi_related_posts":"","_relevanssi_noindex_reason":"","footnotes":""},"class_list":["post-82","page","type-page","status-publish","hentry"],"acf":[],"yoast_head":"<!-- This site is optimized with the Yoast SEO plugin v27.4 - https:\/\/yoast.com\/product\/yoast-seo-wordpress\/ -->\n<title>Kontakt zu uns - FUSS e.V. K\u00f6ln<\/title>\n<meta name=\"robots\" content=\"index, follow, max-snippet:-1, max-image-preview:large, max-video-preview:-1\" \/>\n<link rel=\"canonical\" href=\"https:\/\/www.fuss-ev.de\/koeln\/kontakt\/\" \/>\n<meta property=\"og:locale\" content=\"de_DE\" \/>\n<meta property=\"og:type\" content=\"article\" \/>\n<meta property=\"og:title\" content=\"Kontakt zu uns - FUSS e.V. K\u00f6ln\" \/>\n<meta property=\"og:description\" content=\"[vc_row][vc_column width=&#8221;1\/6&#8243;][\/vc_column][vc_column width=&#8221;2\/3&#8243;][vc_column_text css=&#8221;&#8221;] Wir freuen uns \u00fcber Ihre Kontaktaufnahme! Kontakt zu FUSS e.V. K\u00f6ln FUSS e.V. \u2013 Ortsgruppe K\u00f6ln Anne Grose (Sprecherin) E-Mail: koeln@fuss-ev.de &nbsp; Kontakt zur Bundesgesch\u00e4ftsstelle FUSS e.V. Bundesgesch\u00e4ftsstelle Exerzierstra\u00dfe 20 D-13357 [&hellip;]\" \/>\n<meta property=\"og:url\" content=\"https:\/\/www.fuss-ev.de\/koeln\/kontakt\/\" \/>\n<meta property=\"og:site_name\" content=\"FUSS e.V. K\u00f6ln\" \/>\n<meta property=\"article:modified_time\" content=\"2025-07-09T19:06:13+00:00\" \/>\n<meta name=\"twitter:card\" content=\"summary_large_image\" \/>\n<meta name=\"twitter:label1\" content=\"Gesch\u00e4tzte Lesezeit\" \/>\n\t<meta name=\"twitter:data1\" content=\"1\u00a0Minute\" \/>\n<script type=\"application\/ld+json\" class=\"yoast-schema-graph\">{\"@context\":\"https:\\\/\\\/schema.org\",\"@graph\":[{\"@type\":\"WebPage\",\"@id\":\"https:\\\/\\\/www.fuss-ev.de\\\/koeln\\\/kontakt\\\/\",\"url\":\"https:\\\/\\\/www.fuss-ev.de\\\/koeln\\\/kontakt\\\/\",\"name\":\"Kontakt zu uns - FUSS e.V. K\u00f6ln\",\"isPartOf\":{\"@id\":\"https:\\\/\\\/www.fuss-ev.de\\\/koeln\\\/#website\"},\"datePublished\":\"2025-01-29T10:31:03+00:00\",\"dateModified\":\"2025-07-09T19:06:13+00:00\",\"breadcrumb\":{\"@id\":\"https:\\\/\\\/www.fuss-ev.de\\\/koeln\\\/kontakt\\\/#breadcrumb\"},\"inLanguage\":\"de\",\"potentialAction\":[{\"@type\":\"ReadAction\",\"target\":[\"https:\\\/\\\/www.fuss-ev.de\\\/koeln\\\/kontakt\\\/\"]}]},{\"@type\":\"BreadcrumbList\",\"@id\":\"https:\\\/\\\/www.fuss-ev.de\\\/koeln\\\/kontakt\\\/#breadcrumb\",\"itemListElement\":[{\"@type\":\"ListItem\",\"position\":1,\"name\":\"Startseite\",\"item\":\"https:\\\/\\\/www.fuss-ev.de\\\/koeln\\\/\"},{\"@type\":\"ListItem\",\"position\":2,\"name\":\"Kontakt zu uns\"}]},{\"@type\":\"WebSite\",\"@id\":\"https:\\\/\\\/www.fuss-ev.de\\\/koeln\\\/#website\",\"url\":\"https:\\\/\\\/www.fuss-ev.de\\\/koeln\\\/\",\"name\":\"FUSS e.V. K\u00f6ln\",\"description\":\"Zu Fu\u00df durch K\u00f6ln \u2013 sicher und bequem!\",\"publisher\":{\"@id\":\"https:\\\/\\\/www.fuss-ev.de\\\/koeln\\\/#organization\"},\"potentialAction\":[{\"@type\":\"SearchAction\",\"target\":{\"@type\":\"EntryPoint\",\"urlTemplate\":\"https:\\\/\\\/www.fuss-ev.de\\\/koeln\\\/?s={search_term_string}\"},\"query-input\":{\"@type\":\"PropertyValueSpecification\",\"valueRequired\":true,\"valueName\":\"search_term_string\"}}],\"inLanguage\":\"de\"},{\"@type\":\"Organization\",\"@id\":\"https:\\\/\\\/www.fuss-ev.de\\\/koeln\\\/#organization\",\"name\":\"FUSS e.V. K\u00f6ln\",\"url\":\"https:\\\/\\\/www.fuss-ev.de\\\/koeln\\\/\",\"logo\":{\"@type\":\"ImageObject\",\"inLanguage\":\"de\",\"@id\":\"https:\\\/\\\/www.fuss-ev.de\\\/koeln\\\/#\\\/schema\\\/logo\\\/image\\\/\",\"url\":\"https:\\\/\\\/www.fuss-ev.de\\\/koeln\\\/wp-content\\\/uploads\\\/sites\\\/28\\\/2025\\\/01\\\/FUSS_Logo.jpg\",\"contentUrl\":\"https:\\\/\\\/www.fuss-ev.de\\\/koeln\\\/wp-content\\\/uploads\\\/sites\\\/28\\\/2025\\\/01\\\/FUSS_Logo.jpg\",\"width\":2082,\"height\":979,\"caption\":\"FUSS e.V. K\u00f6ln\"},\"image\":{\"@id\":\"https:\\\/\\\/www.fuss-ev.de\\\/koeln\\\/#\\\/schema\\\/logo\\\/image\\\/\"}}]}<\/script>\n<!-- \/ Yoast SEO plugin. -->","yoast_head_json":{"title":"Kontakt zu uns - FUSS e.V. K\u00f6ln","robots":{"index":"index","follow":"follow","max-snippet":"max-snippet:-1","max-image-preview":"max-image-preview:large","max-video-preview":"max-video-preview:-1"},"canonical":"https:\/\/www.fuss-ev.de\/koeln\/kontakt\/","og_locale":"de_DE","og_type":"article","og_title":"Kontakt zu uns - FUSS e.V. K\u00f6ln","og_description":"[vc_row][vc_column width=&#8221;1\/6&#8243;][\/vc_column][vc_column width=&#8221;2\/3&#8243;][vc_column_text css=&#8221;&#8221;] Wir freuen uns \u00fcber Ihre Kontaktaufnahme! Kontakt zu FUSS e.V. K\u00f6ln FUSS e.V. \u2013 Ortsgruppe K\u00f6ln Anne Grose (Sprecherin) E-Mail: koeln@fuss-ev.de &nbsp; Kontakt zur Bundesgesch\u00e4ftsstelle FUSS e.V. Bundesgesch\u00e4ftsstelle Exerzierstra\u00dfe 20 D-13357 [&hellip;]","og_url":"https:\/\/www.fuss-ev.de\/koeln\/kontakt\/","og_site_name":"FUSS e.V. K\u00f6ln","article_modified_time":"2025-07-09T19:06:13+00:00","twitter_card":"summary_large_image","twitter_misc":{"Gesch\u00e4tzte Lesezeit":"1\u00a0Minute"},"schema":{"@context":"https:\/\/schema.org","@graph":[{"@type":"WebPage","@id":"https:\/\/www.fuss-ev.de\/koeln\/kontakt\/","url":"https:\/\/www.fuss-ev.de\/koeln\/kontakt\/","name":"Kontakt zu uns - FUSS e.V. K\u00f6ln","isPartOf":{"@id":"https:\/\/www.fuss-ev.de\/koeln\/#website"},"datePublished":"2025-01-29T10:31:03+00:00","dateModified":"2025-07-09T19:06:13+00:00","breadcrumb":{"@id":"https:\/\/www.fuss-ev.de\/koeln\/kontakt\/#breadcrumb"},"inLanguage":"de","potentialAction":[{"@type":"ReadAction","target":["https:\/\/www.fuss-ev.de\/koeln\/kontakt\/"]}]},{"@type":"BreadcrumbList","@id":"https:\/\/www.fuss-ev.de\/koeln\/kontakt\/#breadcrumb","itemListElement":[{"@type":"ListItem","position":1,"name":"Startseite","item":"https:\/\/www.fuss-ev.de\/koeln\/"},{"@type":"ListItem","position":2,"name":"Kontakt zu uns"}]},{"@type":"WebSite","@id":"https:\/\/www.fuss-ev.de\/koeln\/#website","url":"https:\/\/www.fuss-ev.de\/koeln\/","name":"FUSS e.V. K\u00f6ln","description":"Zu Fu\u00df durch K\u00f6ln \u2013 sicher und bequem!","publisher":{"@id":"https:\/\/www.fuss-ev.de\/koeln\/#organization"},"potentialAction":[{"@type":"SearchAction","target":{"@type":"EntryPoint","urlTemplate":"https:\/\/www.fuss-ev.de\/koeln\/?s={search_term_string}"},"query-input":{"@type":"PropertyValueSpecification","valueRequired":true,"valueName":"search_term_string"}}],"inLanguage":"de"},{"@type":"Organization","@id":"https:\/\/www.fuss-ev.de\/koeln\/#organization","name":"FUSS e.V. K\u00f6ln","url":"https:\/\/www.fuss-ev.de\/koeln\/","logo":{"@type":"ImageObject","inLanguage":"de","@id":"https:\/\/www.fuss-ev.de\/koeln\/#\/schema\/logo\/image\/","url":"https:\/\/www.fuss-ev.de\/koeln\/wp-content\/uploads\/sites\/28\/2025\/01\/FUSS_Logo.jpg","contentUrl":"https:\/\/www.fuss-ev.de\/koeln\/wp-content\/uploads\/sites\/28\/2025\/01\/FUSS_Logo.jpg","width":2082,"height":979,"caption":"FUSS e.V. K\u00f6ln"},"image":{"@id":"https:\/\/www.fuss-ev.de\/koeln\/#\/schema\/logo\/image\/"}}]}},"publishpress_future_action":{"enabled":false,"date":"2026-05-07 06:30:49","action":"change-status","newStatus":"draft","terms":[],"taxonomy":"","extraData":[]},"publishpress_future_workflow_manual_trigger":{"enabledWorkflows":[]},"_links":{"self":[{"href":"https:\/\/www.fuss-ev.de\/koeln\/wp-json\/wp\/v2\/pages\/82","targetHints":{"allow":["GET"]}}],"collection":[{"href":"https:\/\/www.fuss-ev.de\/koeln\/wp-json\/wp\/v2\/pages"}],"about":[{"href":"https:\/\/www.fuss-ev.de\/koeln\/wp-json\/wp\/v2\/types\/page"}],"author":[{"embeddable":true,"href":"https:\/\/www.fuss-ev.de\/koeln\/wp-json\/wp\/v2\/users\/1"}],"replies":[{"embeddable":true,"href":"https:\/\/www.fuss-ev.de\/koeln\/wp-json\/wp\/v2\/comments?post=82"}],"version-history":[{"count":7,"href":"https:\/\/www.fuss-ev.de\/koeln\/wp-json\/wp\/v2\/pages\/82\/revisions"}],"predecessor-version":[{"id":4700,"href":"https:\/\/www.fuss-ev.de\/koeln\/wp-json\/wp\/v2\/pages\/82\/revisions\/4700"}],"wp:attachment":[{"href":"https:\/\/www.fuss-ev.de\/koeln\/wp-json\/wp\/v2\/media?parent=82"}],"curies":[{"name":"wp","href":"https:\/\/api.w.org\/{rel}","templated":true}]}}

<div class="wpb-content-wrapper"><p>[vc_row][vc_column width=&#8221;1/6&#8243;][/vc_column][vc_column width=&#8221;2/3&#8243;][vc_column_text css=&#8221;&#8221;]</p>
<div class="com-content-article__body">
<h1>Wir freuen uns über Ihre Kontaktaufnahme!</h1>
<h2>Kontakt zu FUSS e.V. Köln</h2>
<p>FUSS e.V. – Ortsgruppe Köln<br />
Anne Grose (Sprecherin)<br />
E-Mail: <span id="cloak2cfa7282f07f4c69422cc87a1a62df9f"><a href="mailto:koeln@fuss-ev.de">koeln@fuss-ev.de</a></span></p>
</div>
<p>&nbsp;</p>
<div class="wpb_text_column wpb_content_element">
<div class="wpb_wrapper">
<h2>Kontakt zur Bundesgeschäftsstelle</h2>
<p>FUSS e.V. Bundesgeschäftsstelle<br />
Exerzierstraße 20<br />
D-13357 Berlin (Mitte)<br />
Tel. +49 (0)30 492 -74 73<br />
E-Mail: <a href="mailto:info@fuss-ev.de">info@fuss-ev.de</a><br />
Web: <a href="https://www.fuss-ev.de" target="_blank" rel="noopener">www.fuss-ev.de</a></p>
</div>
</div>
<p>[/vc_column_text][/vc_column][vc_column width=&#8221;1/6&#8243;][/vc_column][/vc_row]</p>
</div>

<p>[vc_row][vc_column width=&#8221;1/6&#8243;][/vc_column][vc_column width=&#8221;2/3&#8243;][vc_column_text css=&#8221;&#8221;] Wir freuen uns über Ihre Kontaktaufnahme! Kontakt zu FUSS e.V. Köln FUSS e.V. – Ortsgruppe Köln Anne Grose (Sprecherin) E-Mail: koeln@fuss-ev.de &nbsp; Kontakt zur Bundesgeschäftsstelle FUSS e.V. Bundesgeschäftsstelle Exerzierstraße 20 D-13357 [&hellip;]</p>

<!-- This site is optimized with the Yoast SEO plugin v27.4 - https://yoast.com/product/yoast-seo-wordpress/ -->
<title>Kontakt zu uns - FUSS e.V. Köln</title>
<meta name="robots" content="index, follow, max-snippet:-1, max-image-preview:large, max-video-preview:-1" />
<link rel="canonical" href="https://www.fuss-ev.de/koeln/kontakt/" />
<meta property="og:locale" content="de_DE" />
<meta property="og:type" content="article" />
<meta property="og:title" content="Kontakt zu uns - FUSS e.V. Köln" />
<meta property="og:description" content="[vc_row][vc_column width=&#8221;1/6&#8243;][/vc_column][vc_column width=&#8221;2/3&#8243;][vc_column_text css=&#8221;&#8221;] Wir freuen uns über Ihre Kontaktaufnahme! Kontakt zu FUSS e.V. Köln FUSS e.V. – Ortsgruppe Köln Anne Grose (Sprecherin) E-Mail: koeln@fuss-ev.de &nbsp; Kontakt zur Bundesgeschäftsstelle FUSS e.V. Bundesgeschäftsstelle Exerzierstraße 20 D-13357 [&hellip;]" />
<meta property="og:url" content="https://www.fuss-ev.de/koeln/kontakt/" />
<meta property="og:site_name" content="FUSS e.V. Köln" />
<meta property="article:modified_time" content="2025-07-09T19:06:13+00:00" />
<meta name="twitter:card" content="summary_large_image" />
<meta name="twitter:label1" content="Geschätzte Lesezeit" />
	<meta name="twitter:data1" content="1 Minute" />
<script type="application/ld+json" class="yoast-schema-graph">{"@context":"https:\/\/schema.org","@graph":[{"@type":"WebPage","@id":"https:\/\/www.fuss-ev.de\/koeln\/kontakt\/","url":"https:\/\/www.fuss-ev.de\/koeln\/kontakt\/","name":"Kontakt zu uns - FUSS e.V. Köln","isPartOf":{"@id":"https:\/\/www.fuss-ev.de\/koeln\/#website"},"datePublished":"2025-01-29T10:31:03+00:00","dateModified":"2025-07-09T19:06:13+00:00","breadcrumb":{"@id":"https:\/\/www.fuss-ev.de\/koeln\/kontakt\/#breadcrumb"},"inLanguage":"de","potentialAction":[{"@type":"ReadAction","target":["https:\/\/www.fuss-ev.de\/koeln\/kontakt\/"]}]},{"@type":"BreadcrumbList","@id":"https:\/\/www.fuss-ev.de\/koeln\/kontakt\/#breadcrumb","itemListElement":[{"@type":"ListItem","position":1,"name":"Startseite","item":"https:\/\/www.fuss-ev.de\/koeln\/"},{"@type":"ListItem","position":2,"name":"Kontakt zu uns"}]},{"@type":"WebSite","@id":"https:\/\/www.fuss-ev.de\/koeln\/#website","url":"https:\/\/www.fuss-ev.de\/koeln\/","name":"FUSS e.V. Köln","description":"Zu Fuß durch Köln – sicher und bequem!","publisher":{"@id":"https:\/\/www.fuss-ev.de\/koeln\/#organization"},"potentialAction":[{"@type":"SearchAction","target":{"@type":"EntryPoint","urlTemplate":"https:\/\/www.fuss-ev.de\/koeln\/?s={search_term_string}"},"query-input":{"@type":"PropertyValueSpecification","valueRequired":true,"valueName":"search_term_string"}}],"inLanguage":"de"},{"@type":"Organization","@id":"https:\/\/www.fuss-ev.de\/koeln\/#organization","name":"FUSS e.V. Köln","url":"https:\/\/www.fuss-ev.de\/koeln\/","logo":{"@type":"ImageObject","inLanguage":"de","@id":"https:\/\/www.fuss-ev.de\/koeln\/#\/schema\/logo\/image\/","url":"https:\/\/www.fuss-ev.de\/koeln\/wp-content\/uploads\/sites\/28\/2025\/01\/FUSS_Logo.jpg","contentUrl":"https:\/\/www.fuss-ev.de\/koeln\/wp-content\/uploads\/sites\/28\/2025\/01\/FUSS_Logo.jpg","width":2082,"height":979,"caption":"FUSS e.V. Köln"},"image":{"@id":"https:\/\/www.fuss-ev.de\/koeln\/#\/schema\/logo\/image\/"}}]}</script>
<!-- / Yoast SEO plugin. -->

Kontakt zu uns - FUSS e.V. Köln

[vc_row][vc_column width=&#8221;1/6&#8243;][/vc_column][vc_column width=&#8221;2/3&#8243;][vc_column_text css=&#8221;&#8221;] Wir freuen uns über Ihre Kontaktaufnahme! Kontakt zu FUSS e.V. Köln FUSS e.V. – Ortsgruppe Köln Anne Grose (Sprecherin) E-Mail: koeln@fuss-ev.de &nbsp; Kontakt zur Bundesgeschäftsstelle FUSS e.V. Bundesgeschäftsstelle Exerzierstraße 20 D-13357 [&hellip;]

FUSS e.V. Köln

Zu Fuß durch Köln – sicher und bequem!
