{"id":4783,"date":"2025-09-05T11:27:47","date_gmt":"2025-09-05T09:27:47","guid":{"rendered":"https:\/\/www.fuss-ev.de\/flensburg\/?page_id=4783"},"modified":"2025-09-05T11:27:47","modified_gmt":"2025-09-05T09:27:47","slug":"termine","status":"publish","type":"page","link":"https:\/\/www.fuss-ev.de\/flensburg\/termine\/","title":{"rendered":"Termine"},"content":{"rendered":"<div class=\"wpb-content-wrapper\"><p>[vc_row][vc_column][vc_column_text css=&#8221;&#8221;]<span style=\"font-family: arial, helvetica, sans-serif\">Aktionen von VCD und Fuss e.V. zur Europ\u00e4ischen Mobilit\u00e4tswoche vom 16.-22.09.2025<\/span><\/p>\n<p><span style=\"font-family: arial, helvetica, sans-serif\">16.09.25 Blaupause 17.00 &#8211; Vortrag des Verkehrsplaners und Fu\u00dfverkehrsbeauftragten der Stadt Kiel, Till Zeyn &#8211; mit Zeit f\u00fcr Austausch und Fragen zur Umsetzung von umweltfreundlichen und modernen\u00a0 Verkehrsprojekten.<\/span><\/p>\n<p><span style=\"font-family: arial, helvetica, sans-serif\">17.09.25 Blaupause 15.00 Workshop f\u00fcr den Bau eines Periskops &#8211; wir nennen es Tief-Seh-Rohr, um Umwelt und Verkehr aus der Perspektive von Kindern oder Menschen im Rollstuhl wahrzunehmen.<\/span><\/p>\n<p><span style=\"font-family: arial, helvetica, sans-serif\">18.09.25 &#8211; Parking Day von 13.00 &#8211; 16.30 vor dem Rathaus &#8211; wir wollen w\u00e4hrend der \u00d6ffnungszeiten des Rathauses die Aufmerksamkeit f\u00fcr das Thema \u00f6kologische Verkehrswende und Klimaschutz herstellen und stellen mit dem Motto Parking-Day den Bezug zum Fl\u00e4chenverbrauch-Versiegelung-Starkregenereignisse-lebenswerte Stadt her.<\/span><\/p>\n<p>[\/vc_column_text][\/vc_column][\/vc_row]<\/p>\n<\/div>","protected":false},"excerpt":{"rendered":"<p>[vc_row][vc_column][vc_column_text css=&#8221;&#8221;]Aktionen von VCD und Fuss e.V. zur Europ\u00e4ischen Mobilit\u00e4tswoche vom 16.-22.09.2025 16.09.25 Blaupause 17.00 &#8211; Vortrag des Verkehrsplaners und Fu\u00dfverkehrsbeauftragten der Stadt Kiel, Till Zeyn &#8211; mit Zeit f\u00fcr Austausch und Fragen zur Umsetzung [&hellip;]<\/p>\n","protected":false},"author":48,"featured_media":0,"parent":0,"menu_order":0,"comment_status":"closed","ping_status":"closed","template":"","meta":{"_acf_changed":false,"_relevanssi_hide_post":"","_relevanssi_hide_content":"","_relevanssi_pin_for_all":"","_relevanssi_pin_keywords":"","_relevanssi_unpin_keywords":"","_relevanssi_related_keywords":"","_relevanssi_related_include_ids":"","_relevanssi_related_exclude_ids":"","_relevanssi_related_no_append":"","_relevanssi_related_not_related":"","_relevanssi_related_posts":"","_relevanssi_noindex_reason":"","inline_featured_image":false,"footnotes":""},"class_list":["post-4783","page","type-page","status-publish","hentry"],"acf":[],"yoast_head":"<!-- This site is optimized with the Yoast SEO plugin v27.2 - https:\/\/yoast.com\/product\/yoast-seo-wordpress\/ -->\n<title>Termine - Flensburg - FUSS e.V.<\/title>\n<meta name=\"robots\" content=\"noindex, follow, max-snippet:-1, max-image-preview:large, max-video-preview:-1\" \/>\n<meta property=\"og:locale\" content=\"de_DE\" \/>\n<meta property=\"og:type\" content=\"article\" \/>\n<meta property=\"og:title\" content=\"Termine - Flensburg - FUSS e.V.\" \/>\n<meta property=\"og:description\" content=\"[vc_row][vc_column][vc_column_text css=&#8221;&#8221;]Aktionen von VCD und Fuss e.V. zur Europ\u00e4ischen Mobilit\u00e4tswoche vom 16.-22.09.2025 16.09.25 Blaupause 17.00 &#8211; Vortrag des Verkehrsplaners und Fu\u00dfverkehrsbeauftragten der Stadt Kiel, Till Zeyn &#8211; mit Zeit f\u00fcr Austausch und Fragen zur Umsetzung [&hellip;]\" \/>\n<meta property=\"og:url\" content=\"https:\/\/www.fuss-ev.de\/flensburg\/termine\/\" \/>\n<meta property=\"og:site_name\" content=\"Flensburg - FUSS e.V.\" \/>\n<meta name=\"twitter:card\" content=\"summary_large_image\" \/>\n<meta name=\"twitter:label1\" content=\"Gesch\u00e4tzte Lesezeit\" \/>\n\t<meta name=\"twitter:data1\" content=\"1\u00a0Minute\" \/>\n<script type=\"application\/ld+json\" class=\"yoast-schema-graph\">{\"@context\":\"https:\/\/schema.org\",\"@graph\":[{\"@type\":\"WebPage\",\"@id\":\"https:\/\/www.fuss-ev.de\/flensburg\/termine\/\",\"url\":\"https:\/\/www.fuss-ev.de\/flensburg\/termine\/\",\"name\":\"Termine - Flensburg - FUSS e.V.\",\"isPartOf\":{\"@id\":\"https:\/\/www.fuss-ev.de\/flensburg\/#website\"},\"datePublished\":\"2025-09-05T09:27:47+00:00\",\"breadcrumb\":{\"@id\":\"https:\/\/www.fuss-ev.de\/flensburg\/termine\/#breadcrumb\"},\"inLanguage\":\"de\",\"potentialAction\":[{\"@type\":\"ReadAction\",\"target\":[\"https:\/\/www.fuss-ev.de\/flensburg\/termine\/\"]}]},{\"@type\":\"BreadcrumbList\",\"@id\":\"https:\/\/www.fuss-ev.de\/flensburg\/termine\/#breadcrumb\",\"itemListElement\":[{\"@type\":\"ListItem\",\"position\":1,\"name\":\"Startseite\",\"item\":\"https:\/\/www.fuss-ev.de\/flensburg\/\"},{\"@type\":\"ListItem\",\"position\":2,\"name\":\"Termine\"}]},{\"@type\":\"WebSite\",\"@id\":\"https:\/\/www.fuss-ev.de\/flensburg\/#website\",\"url\":\"https:\/\/www.fuss-ev.de\/flensburg\/\",\"name\":\"Flensburg - FUSS e.V.\",\"description\":\"\",\"publisher\":{\"@id\":\"https:\/\/www.fuss-ev.de\/flensburg\/#organization\"},\"potentialAction\":[{\"@type\":\"SearchAction\",\"target\":{\"@type\":\"EntryPoint\",\"urlTemplate\":\"https:\/\/www.fuss-ev.de\/flensburg\/?s={search_term_string}\"},\"query-input\":{\"@type\":\"PropertyValueSpecification\",\"valueRequired\":true,\"valueName\":\"search_term_string\"}}],\"inLanguage\":\"de\"},{\"@type\":\"Organization\",\"@id\":\"https:\/\/www.fuss-ev.de\/flensburg\/#organization\",\"name\":\"Flensburg - FUSS e.V.\",\"url\":\"https:\/\/www.fuss-ev.de\/flensburg\/\",\"logo\":{\"@type\":\"ImageObject\",\"inLanguage\":\"de\",\"@id\":\"https:\/\/www.fuss-ev.de\/flensburg\/#\/schema\/logo\/image\/\",\"url\":\"https:\/\/www.fuss-ev.de\/flensburg\/wp-content\/uploads\/sites\/8\/2025\/01\/FUSS_Logo.jpg\",\"contentUrl\":\"https:\/\/www.fuss-ev.de\/flensburg\/wp-content\/uploads\/sites\/8\/2025\/01\/FUSS_Logo.jpg\",\"width\":2082,\"height\":979,\"caption\":\"Flensburg - FUSS e.V.\"},\"image\":{\"@id\":\"https:\/\/www.fuss-ev.de\/flensburg\/#\/schema\/logo\/image\/\"}}]}<\/script>\n<!-- \/ Yoast SEO plugin. -->","yoast_head_json":{"title":"Termine - Flensburg - FUSS e.V.","robots":{"index":"noindex","follow":"follow","max-snippet":"max-snippet:-1","max-image-preview":"max-image-preview:large","max-video-preview":"max-video-preview:-1"},"og_locale":"de_DE","og_type":"article","og_title":"Termine - Flensburg - FUSS e.V.","og_description":"[vc_row][vc_column][vc_column_text css=&#8221;&#8221;]Aktionen von VCD und Fuss e.V. zur Europ\u00e4ischen Mobilit\u00e4tswoche vom 16.-22.09.2025 16.09.25 Blaupause 17.00 &#8211; Vortrag des Verkehrsplaners und Fu\u00dfverkehrsbeauftragten der Stadt Kiel, Till Zeyn &#8211; mit Zeit f\u00fcr Austausch und Fragen zur Umsetzung [&hellip;]","og_url":"https:\/\/www.fuss-ev.de\/flensburg\/termine\/","og_site_name":"Flensburg - FUSS e.V.","twitter_card":"summary_large_image","twitter_misc":{"Gesch\u00e4tzte Lesezeit":"1\u00a0Minute"},"schema":{"@context":"https:\/\/schema.org","@graph":[{"@type":"WebPage","@id":"https:\/\/www.fuss-ev.de\/flensburg\/termine\/","url":"https:\/\/www.fuss-ev.de\/flensburg\/termine\/","name":"Termine - Flensburg - FUSS e.V.","isPartOf":{"@id":"https:\/\/www.fuss-ev.de\/flensburg\/#website"},"datePublished":"2025-09-05T09:27:47+00:00","breadcrumb":{"@id":"https:\/\/www.fuss-ev.de\/flensburg\/termine\/#breadcrumb"},"inLanguage":"de","potentialAction":[{"@type":"ReadAction","target":["https:\/\/www.fuss-ev.de\/flensburg\/termine\/"]}]},{"@type":"BreadcrumbList","@id":"https:\/\/www.fuss-ev.de\/flensburg\/termine\/#breadcrumb","itemListElement":[{"@type":"ListItem","position":1,"name":"Startseite","item":"https:\/\/www.fuss-ev.de\/flensburg\/"},{"@type":"ListItem","position":2,"name":"Termine"}]},{"@type":"WebSite","@id":"https:\/\/www.fuss-ev.de\/flensburg\/#website","url":"https:\/\/www.fuss-ev.de\/flensburg\/","name":"Flensburg - FUSS e.V.","description":"","publisher":{"@id":"https:\/\/www.fuss-ev.de\/flensburg\/#organization"},"potentialAction":[{"@type":"SearchAction","target":{"@type":"EntryPoint","urlTemplate":"https:\/\/www.fuss-ev.de\/flensburg\/?s={search_term_string}"},"query-input":{"@type":"PropertyValueSpecification","valueRequired":true,"valueName":"search_term_string"}}],"inLanguage":"de"},{"@type":"Organization","@id":"https:\/\/www.fuss-ev.de\/flensburg\/#organization","name":"Flensburg - FUSS e.V.","url":"https:\/\/www.fuss-ev.de\/flensburg\/","logo":{"@type":"ImageObject","inLanguage":"de","@id":"https:\/\/www.fuss-ev.de\/flensburg\/#\/schema\/logo\/image\/","url":"https:\/\/www.fuss-ev.de\/flensburg\/wp-content\/uploads\/sites\/8\/2025\/01\/FUSS_Logo.jpg","contentUrl":"https:\/\/www.fuss-ev.de\/flensburg\/wp-content\/uploads\/sites\/8\/2025\/01\/FUSS_Logo.jpg","width":2082,"height":979,"caption":"Flensburg - FUSS e.V."},"image":{"@id":"https:\/\/www.fuss-ev.de\/flensburg\/#\/schema\/logo\/image\/"}}]}},"publishpress_future_action":{"enabled":false,"date":"2026-04-17 01:14:27","action":"change-status","newStatus":"draft","terms":[],"taxonomy":"","extraData":[]},"publishpress_future_workflow_manual_trigger":{"enabledWorkflows":[]},"_links":{"self":[{"href":"https:\/\/www.fuss-ev.de\/flensburg\/wp-json\/wp\/v2\/pages\/4783","targetHints":{"allow":["GET"]}}],"collection":[{"href":"https:\/\/www.fuss-ev.de\/flensburg\/wp-json\/wp\/v2\/pages"}],"about":[{"href":"https:\/\/www.fuss-ev.de\/flensburg\/wp-json\/wp\/v2\/types\/page"}],"author":[{"embeddable":true,"href":"https:\/\/www.fuss-ev.de\/flensburg\/wp-json\/wp\/v2\/users\/48"}],"replies":[{"embeddable":true,"href":"https:\/\/www.fuss-ev.de\/flensburg\/wp-json\/wp\/v2\/comments?post=4783"}],"version-history":[{"count":1,"href":"https:\/\/www.fuss-ev.de\/flensburg\/wp-json\/wp\/v2\/pages\/4783\/revisions"}],"predecessor-version":[{"id":4785,"href":"https:\/\/www.fuss-ev.de\/flensburg\/wp-json\/wp\/v2\/pages\/4783\/revisions\/4785"}],"wp:attachment":[{"href":"https:\/\/www.fuss-ev.de\/flensburg\/wp-json\/wp\/v2\/media?parent=4783"}],"curies":[{"name":"wp","href":"https:\/\/api.w.org\/{rel}","templated":true}]}}