{"id":4708,"date":"2025-08-29T07:51:48","date_gmt":"2025-08-29T05:51:48","guid":{"rendered":"https:\/\/www.fuss-ev.de\/bremerhaven\/?page_id=4708"},"modified":"2025-10-20T11:58:51","modified_gmt":"2025-10-20T09:58:51","slug":"gehcheck","status":"publish","type":"page","link":"https:\/\/www.fuss-ev.de\/bremerhaven\/gehcheck\/","title":{"rendered":"GehCheck"},"content":{"rendered":"<div class=\"wpb-content-wrapper\"><p>[vc_row][vc_column][vc_single_image image=&#8221;4869&#8243; alignment=&#8221;center&#8221; css=&#8221;&#8221;][vc_column_text css=&#8221;&#8221;]Die Erfassung von guten und schlechten Situationen mit der App ist ganz einfach: Position fixieren, Oberthema w\u00e4hlen, Einzelthema anklicken, Meldung senden. Sie kann erg\u00e4nzt werden mit Fotos, Erl\u00e4uterungen zum Ort und Verbesserungsvorschl\u00e4gen.<span id=\"more-3932\"><\/span><\/p>\n<p>Sobald die Meldungen freigeschaltet sind, sind sie \u00f6ffentlich sichtbar \u2013 als Icons auf der Karte in der App sowie im\u00a0<a href=\"https:\/\/gehcheck.werdenktwas.de\/#pageid=1&amp;address=&amp;start=&amp;end=&amp;attribute_eq1739=&amp;top_type=&amp;type=&amp;text=&amp;attribute1770=&amp;messageid=\">Web<\/a>. Meldungen k\u00f6nnen nach Ort, Zeit und Thema gefiltert werden. Wer sich registriert hat, kann eigene Fl\u00e4chen f\u00fcr den Check definieren und die gefilterten Meldungen als Excel-Tabelle oder f\u00fcr Detailansicht als PDF-Datei exportieren.<\/p>\n<p>F\u00fcr organisierte Checks bieten wir unterschiedliche Leistungspakete mit unterschiedlichen Bestandteilen; Schulung und Beratung, Check-Vorbereitungen, eine Hotline, Hilfen bei der Auswertung und dem Schlussbericht. Mehr dazu auf Anfrage an\u00a0<a href=\"mailto:roland.stimpel@fuss-ev.de\">roland.stimpel@fuss-ev.de<\/a>.\u00a0Einzelpersonen k\u00f6nnen aber auch kostenfrei individuell loslegen.<br \/>\nWertvolle Hinweise f\u00fcr Kommunen und Planungsb\u00fcros<\/p>\n<p>Die \u00f6ffentlichen Ergebnisse sollen \u00f6rtliche Qualit\u00e4ten und M\u00e4ngel zeigen. Aus ihnen lassen sich Priorit\u00e4ten f\u00fcr die \u00f6rtliche Fu\u00dfverkehrs-Strategie und ihre Umsetzung in der Praxis ableiten. Engagierte und aufgeschlossene Kommunen oder Planungsb\u00fcros k\u00f6nnen das aktiv tun. Wo auf dieser Ebene noch wenig geschieht, k\u00f6nnen Engagierte Handlungsbedarf und Verbesserungs-Potenziele klar und nachvollziehbar aufzeigen.<\/p>\n<p>Die GehCheck-App ist kein kommunaler M\u00e4ngelmelder, mit dem Hinweise auf Schlagl\u00f6cher und wilden M\u00fcll automatisch bei den Zust\u00e4ndigen landen. Es kann sogar sein, dass Beh\u00f6rden einen gemeldeten Mangel nicht als solchen empfinden \u2013 zum Beispiel eine zu lange Rotphase f\u00fcr Fu\u00dfsteher, die lieber Fu\u00dfg\u00e4nger w\u00e4ren. Dann kann die App auch dazu dienen, konstruktiven Druck auszu\u00fcben.<\/p>\n<p>Die App existiert seit 2022; bis heute sind 6.000 Meldungen erfasst. Gr\u00f6\u00dfte Einzelerhebungen waren die zu Wiener Quartier \u201eLinks der Donau\u201c mit \u00fcber 500 Meldungen sowie die systematische Erfassung falsch oder korrekt abgestellter Leih-E-Scooter in Berlin mit \u00fcber 300 Meldungen in jedem Jahr. Das Bozener Planungsb\u00fcro Kyklos setzt sie f\u00fcr kommunale Checks in S\u00fcdtiroler Gemeinden ein.<\/p>\n<p>Die App gibt es kostenfrei f\u00fcr\u00a0<a href=\"https:\/\/play.google.com\/store\/apps\/details?id=de.werdenktwas.app.fussverkehr&amp;pli=1\">Android-Ger\u00e4te<\/a>\u00a0und\u00a0<a href=\"https:\/\/apps.apple.com\/de\/app\/gehcheck\/id1568673948\">Apple-Smartphones<\/a>.\u00a0Diese\u00a0<a href=\"https:\/\/gehcheck.werdenktwas.de\/#pageid=1&amp;address=&amp;start=&amp;end=&amp;attribute_eq1739=&amp;top_type=&amp;type=&amp;text=&amp;attribute1770=&amp;messageid=\">Auswertungs-Seite<\/a>\u00a0bietet filterbare Ansichten der fertigen Meldungen sowie f\u00fcr registrierte Nutzer ein Backend, um Meldungen weiter zu bearbeiten und zu\u00a0exportieren.[\/vc_column_text][\/vc_column][\/vc_row][vc_row][vc_column][\/vc_column][\/vc_row]<\/p>\n<\/div>","protected":false},"excerpt":{"rendered":"<p>[vc_row][vc_column][vc_single_image image=&#8221;4869&#8243; alignment=&#8221;center&#8221; css=&#8221;&#8221;][vc_column_text css=&#8221;&#8221;]Die Erfassung von guten und schlechten Situationen mit der App ist ganz einfach: Position fixieren, Oberthema w\u00e4hlen, Einzelthema anklicken, Meldung senden. Sie kann erg\u00e4nzt werden mit Fotos, Erl\u00e4uterungen zum Ort und [&hellip;]<\/p>\n","protected":false},"author":70,"featured_media":0,"parent":0,"menu_order":0,"comment_status":"closed","ping_status":"closed","template":"","meta":{"_acf_changed":false,"_relevanssi_hide_post":"","_relevanssi_hide_content":"","_relevanssi_pin_for_all":"","_relevanssi_pin_keywords":"","_relevanssi_unpin_keywords":"","_relevanssi_related_keywords":"","_relevanssi_related_include_ids":"","_relevanssi_related_exclude_ids":"","_relevanssi_related_no_append":"","_relevanssi_related_not_related":"","_relevanssi_related_posts":"","_relevanssi_noindex_reason":"","inline_featured_image":false,"footnotes":""},"class_list":["post-4708","page","type-page","status-publish","hentry"],"acf":[],"yoast_head":"<!-- This site is optimized with the Yoast SEO plugin v27.4 - https:\/\/yoast.com\/product\/yoast-seo-wordpress\/ -->\n<title>GehCheck - FUSS e.V. Bremerhaven<\/title>\n<meta name=\"robots\" content=\"noindex, follow, max-snippet:-1, max-image-preview:large, max-video-preview:-1\" \/>\n<meta property=\"og:locale\" content=\"de_DE\" \/>\n<meta property=\"og:type\" content=\"article\" \/>\n<meta property=\"og:title\" content=\"GehCheck - FUSS e.V. Bremerhaven\" \/>\n<meta property=\"og:description\" content=\"[vc_row][vc_column][vc_single_image image=&#8221;4869&#8243; alignment=&#8221;center&#8221; css=&#8221;&#8221;][vc_column_text css=&#8221;&#8221;]Die Erfassung von guten und schlechten Situationen mit der App ist ganz einfach: Position fixieren, Oberthema w\u00e4hlen, Einzelthema anklicken, Meldung senden. Sie kann erg\u00e4nzt werden mit Fotos, Erl\u00e4uterungen zum Ort und [&hellip;]\" \/>\n<meta property=\"og:url\" content=\"https:\/\/www.fuss-ev.de\/bremerhaven\/gehcheck\/\" \/>\n<meta property=\"og:site_name\" content=\"FUSS e.V. Bremerhaven\" \/>\n<meta property=\"article:modified_time\" content=\"2025-10-20T09:58:51+00:00\" \/>\n<meta name=\"twitter:card\" content=\"summary_large_image\" \/>\n<meta name=\"twitter:label1\" content=\"Gesch\u00e4tzte Lesezeit\" \/>\n\t<meta name=\"twitter:data1\" content=\"2\u00a0Minuten\" \/>\n<script type=\"application\/ld+json\" class=\"yoast-schema-graph\">{\"@context\":\"https:\\\/\\\/schema.org\",\"@graph\":[{\"@type\":\"WebPage\",\"@id\":\"https:\\\/\\\/www.fuss-ev.de\\\/bremerhaven\\\/gehcheck\\\/\",\"url\":\"https:\\\/\\\/www.fuss-ev.de\\\/bremerhaven\\\/gehcheck\\\/\",\"name\":\"GehCheck - FUSS e.V. Bremerhaven\",\"isPartOf\":{\"@id\":\"https:\\\/\\\/www.fuss-ev.de\\\/bremerhaven\\\/#website\"},\"datePublished\":\"2025-08-29T05:51:48+00:00\",\"dateModified\":\"2025-10-20T09:58:51+00:00\",\"breadcrumb\":{\"@id\":\"https:\\\/\\\/www.fuss-ev.de\\\/bremerhaven\\\/gehcheck\\\/#breadcrumb\"},\"inLanguage\":\"de\",\"potentialAction\":[{\"@type\":\"ReadAction\",\"target\":[\"https:\\\/\\\/www.fuss-ev.de\\\/bremerhaven\\\/gehcheck\\\/\"]}]},{\"@type\":\"BreadcrumbList\",\"@id\":\"https:\\\/\\\/www.fuss-ev.de\\\/bremerhaven\\\/gehcheck\\\/#breadcrumb\",\"itemListElement\":[{\"@type\":\"ListItem\",\"position\":1,\"name\":\"Startseite\",\"item\":\"https:\\\/\\\/www.fuss-ev.de\\\/bremerhaven\\\/\"},{\"@type\":\"ListItem\",\"position\":2,\"name\":\"GehCheck\"}]},{\"@type\":\"WebSite\",\"@id\":\"https:\\\/\\\/www.fuss-ev.de\\\/bremerhaven\\\/#website\",\"url\":\"https:\\\/\\\/www.fuss-ev.de\\\/bremerhaven\\\/\",\"name\":\"FUSS e.V. Bremerhaven\",\"description\":\"\",\"publisher\":{\"@id\":\"https:\\\/\\\/www.fuss-ev.de\\\/bremerhaven\\\/#organization\"},\"potentialAction\":[{\"@type\":\"SearchAction\",\"target\":{\"@type\":\"EntryPoint\",\"urlTemplate\":\"https:\\\/\\\/www.fuss-ev.de\\\/bremerhaven\\\/?s={search_term_string}\"},\"query-input\":{\"@type\":\"PropertyValueSpecification\",\"valueRequired\":true,\"valueName\":\"search_term_string\"}}],\"inLanguage\":\"de\"},{\"@type\":\"Organization\",\"@id\":\"https:\\\/\\\/www.fuss-ev.de\\\/bremerhaven\\\/#organization\",\"name\":\"FUSS e.V. Bremerhaven\",\"url\":\"https:\\\/\\\/www.fuss-ev.de\\\/bremerhaven\\\/\",\"logo\":{\"@type\":\"ImageObject\",\"inLanguage\":\"de\",\"@id\":\"https:\\\/\\\/www.fuss-ev.de\\\/bremerhaven\\\/#\\\/schema\\\/logo\\\/image\\\/\",\"url\":\"https:\\\/\\\/www.fuss-ev.de\\\/bremerhaven\\\/wp-content\\\/uploads\\\/sites\\\/36\\\/2025\\\/01\\\/FUSS_Logo.jpg\",\"contentUrl\":\"https:\\\/\\\/www.fuss-ev.de\\\/bremerhaven\\\/wp-content\\\/uploads\\\/sites\\\/36\\\/2025\\\/01\\\/FUSS_Logo.jpg\",\"width\":2082,\"height\":979,\"caption\":\"FUSS e.V. Bremerhaven\"},\"image\":{\"@id\":\"https:\\\/\\\/www.fuss-ev.de\\\/bremerhaven\\\/#\\\/schema\\\/logo\\\/image\\\/\"}}]}<\/script>\n<!-- \/ Yoast SEO plugin. -->","yoast_head_json":{"title":"GehCheck - FUSS e.V. Bremerhaven","robots":{"index":"noindex","follow":"follow","max-snippet":"max-snippet:-1","max-image-preview":"max-image-preview:large","max-video-preview":"max-video-preview:-1"},"og_locale":"de_DE","og_type":"article","og_title":"GehCheck - FUSS e.V. Bremerhaven","og_description":"[vc_row][vc_column][vc_single_image image=&#8221;4869&#8243; alignment=&#8221;center&#8221; css=&#8221;&#8221;][vc_column_text css=&#8221;&#8221;]Die Erfassung von guten und schlechten Situationen mit der App ist ganz einfach: Position fixieren, Oberthema w\u00e4hlen, Einzelthema anklicken, Meldung senden. Sie kann erg\u00e4nzt werden mit Fotos, Erl\u00e4uterungen zum Ort und [&hellip;]","og_url":"https:\/\/www.fuss-ev.de\/bremerhaven\/gehcheck\/","og_site_name":"FUSS e.V. Bremerhaven","article_modified_time":"2025-10-20T09:58:51+00:00","twitter_card":"summary_large_image","twitter_misc":{"Gesch\u00e4tzte Lesezeit":"2\u00a0Minuten"},"schema":{"@context":"https:\/\/schema.org","@graph":[{"@type":"WebPage","@id":"https:\/\/www.fuss-ev.de\/bremerhaven\/gehcheck\/","url":"https:\/\/www.fuss-ev.de\/bremerhaven\/gehcheck\/","name":"GehCheck - FUSS e.V. Bremerhaven","isPartOf":{"@id":"https:\/\/www.fuss-ev.de\/bremerhaven\/#website"},"datePublished":"2025-08-29T05:51:48+00:00","dateModified":"2025-10-20T09:58:51+00:00","breadcrumb":{"@id":"https:\/\/www.fuss-ev.de\/bremerhaven\/gehcheck\/#breadcrumb"},"inLanguage":"de","potentialAction":[{"@type":"ReadAction","target":["https:\/\/www.fuss-ev.de\/bremerhaven\/gehcheck\/"]}]},{"@type":"BreadcrumbList","@id":"https:\/\/www.fuss-ev.de\/bremerhaven\/gehcheck\/#breadcrumb","itemListElement":[{"@type":"ListItem","position":1,"name":"Startseite","item":"https:\/\/www.fuss-ev.de\/bremerhaven\/"},{"@type":"ListItem","position":2,"name":"GehCheck"}]},{"@type":"WebSite","@id":"https:\/\/www.fuss-ev.de\/bremerhaven\/#website","url":"https:\/\/www.fuss-ev.de\/bremerhaven\/","name":"FUSS e.V. Bremerhaven","description":"","publisher":{"@id":"https:\/\/www.fuss-ev.de\/bremerhaven\/#organization"},"potentialAction":[{"@type":"SearchAction","target":{"@type":"EntryPoint","urlTemplate":"https:\/\/www.fuss-ev.de\/bremerhaven\/?s={search_term_string}"},"query-input":{"@type":"PropertyValueSpecification","valueRequired":true,"valueName":"search_term_string"}}],"inLanguage":"de"},{"@type":"Organization","@id":"https:\/\/www.fuss-ev.de\/bremerhaven\/#organization","name":"FUSS e.V. Bremerhaven","url":"https:\/\/www.fuss-ev.de\/bremerhaven\/","logo":{"@type":"ImageObject","inLanguage":"de","@id":"https:\/\/www.fuss-ev.de\/bremerhaven\/#\/schema\/logo\/image\/","url":"https:\/\/www.fuss-ev.de\/bremerhaven\/wp-content\/uploads\/sites\/36\/2025\/01\/FUSS_Logo.jpg","contentUrl":"https:\/\/www.fuss-ev.de\/bremerhaven\/wp-content\/uploads\/sites\/36\/2025\/01\/FUSS_Logo.jpg","width":2082,"height":979,"caption":"FUSS e.V. Bremerhaven"},"image":{"@id":"https:\/\/www.fuss-ev.de\/bremerhaven\/#\/schema\/logo\/image\/"}}]}},"publishpress_future_action":{"enabled":false,"date":"2026-04-27 17:44:28","action":"change-status","newStatus":"draft","terms":[],"taxonomy":"","extraData":[]},"publishpress_future_workflow_manual_trigger":{"enabledWorkflows":[]},"_links":{"self":[{"href":"https:\/\/www.fuss-ev.de\/bremerhaven\/wp-json\/wp\/v2\/pages\/4708","targetHints":{"allow":["GET"]}}],"collection":[{"href":"https:\/\/www.fuss-ev.de\/bremerhaven\/wp-json\/wp\/v2\/pages"}],"about":[{"href":"https:\/\/www.fuss-ev.de\/bremerhaven\/wp-json\/wp\/v2\/types\/page"}],"author":[{"embeddable":true,"href":"https:\/\/www.fuss-ev.de\/bremerhaven\/wp-json\/wp\/v2\/users\/70"}],"replies":[{"embeddable":true,"href":"https:\/\/www.fuss-ev.de\/bremerhaven\/wp-json\/wp\/v2\/comments?post=4708"}],"version-history":[{"count":10,"href":"https:\/\/www.fuss-ev.de\/bremerhaven\/wp-json\/wp\/v2\/pages\/4708\/revisions"}],"predecessor-version":[{"id":4871,"href":"https:\/\/www.fuss-ev.de\/bremerhaven\/wp-json\/wp\/v2\/pages\/4708\/revisions\/4871"}],"wp:attachment":[{"href":"https:\/\/www.fuss-ev.de\/bremerhaven\/wp-json\/wp\/v2\/media?parent=4708"}],"curies":[{"name":"wp","href":"https:\/\/api.w.org\/{rel}","templated":true}]}}