{"id":4676,"date":"2025-11-13T15:21:03","date_gmt":"2025-11-13T14:21:47","guid":{"rendered":"https:\/\/www.fuss-ev.de\/bochum\/?page_id=4676"},"modified":"2026-01-14T19:56:37","modified_gmt":"2026-01-14T18:56:37","slug":"ueber-uns","status":"publish","type":"page","link":"https:\/\/www.fuss-ev.de\/bochum\/ueber-uns\/","title":{"rendered":"\u00dcber uns"},"content":{"rendered":"<div class=\"wpb-content-wrapper\"><p>[vc_row][vc_column width=&#8221;1\/4&#8243; css=&#8221;.vc_custom_1764252879088{background-color: #FFFFFF !important;}&#8221;][vc_single_image image=&#8221;5001&#8243; img_size=&#8221;medium&#8221; css=&#8221;&#8221;][\/vc_column][vc_column width=&#8221;1\/2&#8243; css=&#8221;.vc_custom_1764253451223{background-color: #FFFFFF !important;border-color: #A6DB1C !important;}&#8221;][vc_custom_heading text=&#8221;Der Fuss e.V. in Bochum&#8221; google_fonts=&#8221;font_family:Arimo%3Aregular%2Citalic%2C700%2C700italic|font_style:700%20bold%20regular%3A700%3Anormal&#8221; css=&#8221;&#8221;][vc_column_text css=&#8221;.vc_custom_1768130600278{margin-right: 0px !important;border-radius: 4px !important;border-color: #A6DB1C !important;}&#8221;]<\/p>\n<div class=\"elementToProof\" style=\"text-align: left\"><span style=\"font-size: 14pt\">Unsere noch junge Vertretung des FUSS e.V. hat sich Ende 2024 gegr\u00fcndet. Anlass war der gemeinsame Gedanke, st\u00e4rker auf die Belange der Gruppe der zu Fu\u00df gehenden Menschen in Bochum hinzuweisen.<\/span><\/div>\n<div style=\"text-align: left\"><\/div>\n<div class=\"elementToProof\" style=\"text-align: left\"><span style=\"font-size: 14pt\">Da lag es nahe, eine Ortsgruppe des in Berlin ans\u00e4ssigen Vereins FUSS e.V. zu etablieren. Denn das Charmante an unserer Arbeit ist, dass wir als selbst\u00e4ndige Gruppe agieren und zugleich die \u00fcbliche Vereinsmeierei wegf\u00e4llt.<\/span><\/div>\n<div style=\"text-align: left\"><\/div>\n<div class=\"elementToProof\" style=\"text-align: left\"><span style=\"font-size: 14pt\">Unsere Ansprechpartnerin ist Anna Kleinsteinberg. Als Expertin f\u00fcr Stadtteilentwicklung und Mobilit\u00e4t erhofft sie sich einen st\u00e4rkeren Einsatz von Politik und Verwaltung f\u00fcr die Belange des Fu\u00dfverkehrs \u2013 aber auch von Bochumer B\u00fcrgerinnen und B\u00fcrger, sich f\u00fcr ihre Interessen als zu Fu\u00df Gehende einzusetzen.<\/span><\/div>\n<p style=\"text-align: left\"><span style=\"font-size: 14pt\">Unsere Ortgruppe trifft sich <strong>jeden zweiten Dienstag im Monat<\/strong> um 18 Uhr im Cafe Eden (Hernerstr. 13). Wir tauschen uns \u00fcber aktuelle Fu\u00dfverkehrsthemen aus und planen Projekte.<\/span><\/p>\n<h1 style=\"text-align: left\"><span style=\"font-size: 14pt\">Interessierte sind immer Willkommen!<\/span><\/h1>\n<p>[\/vc_column_text][\/vc_column][vc_column width=&#8221;1\/4&#8243;][\/vc_column][\/vc_row][vc_row row_title=&#8221;Unsere Schwerpunkte&#8221;][vc_column][vc_row_inner][vc_column_inner][vc_custom_heading text=&#8221;Unsere Schwerpunkte&#8221; font_container=&#8221;tag:h2|text_align:center&#8221; google_fonts=&#8221;font_family:Arimo%3Aregular%2Citalic%2C700%2C700italic|font_style:700%20bold%20regular%3A700%3Anormal&#8221; css=&#8221;&#8221;][\/vc_column_inner][\/vc_row_inner][\/vc_column][vc_column width=&#8221;1\/3&#8243;][vc_hoverbox image=&#8221;4826&#8243; primary_title=&#8221;&#8221; hover_title=&#8221;Breite Gehwege&#8221;]Zum Gehen braucht es Platz:<br \/>\n2,50 Meter sollte die Regel sein, damit alle gut und sicher aneinander vorbeikommen.[\/vc_hoverbox][\/vc_column][vc_column width=&#8221;1\/3&#8243;][vc_hoverbox image=&#8221;4706&#8243; primary_title=&#8221;&#8221; hover_title=&#8221;Partizipation&#8221;]Ein starker Fu\u00dfverkehr f\u00f6rdert das soziale Miteinander in der Nachbarschaft.[\/vc_hoverbox][\/vc_column][vc_column width=&#8221;1\/3&#8243;][vc_hoverbox image=&#8221;5039&#8243; primary_title=&#8221;&#8221; hover_title=&#8221;Stra\u00dfenr\u00e4ume&#8221;]Stra\u00dfen als vielf\u00e4ltige Lebensr\u00e4ume gestalten[\/vc_hoverbox][\/vc_column][\/vc_row][vc_row][vc_column][\/vc_column][\/vc_row]<\/p>\n<\/div>","protected":false},"excerpt":{"rendered":"<p>[vc_row][vc_column width=&#8221;1\/4&#8243; css=&#8221;.vc_custom_1764252879088{background-color: #FFFFFF !important;}&#8221;][vc_single_image image=&#8221;5001&#8243; img_size=&#8221;medium&#8221; css=&#8221;&#8221;][\/vc_column][vc_column width=&#8221;1\/2&#8243; css=&#8221;.vc_custom_1764253451223{background-color: #FFFFFF !important;border-color: #A6DB1C !important;}&#8221;][vc_custom_heading text=&#8221;Der Fuss e.V. in Bochum&#8221; google_fonts=&#8221;font_family:Arimo%3Aregular%2Citalic%2C700%2C700italic|font_style:700%20bold%20regular%3A700%3Anormal&#8221; css=&#8221;&#8221;][vc_column_text css=&#8221;.vc_custom_1768130600278{margin-right: 0px !important;border-radius: 4px !important;border-color: #A6DB1C !important;}&#8221;] Unsere noch junge Vertretung des FUSS e.V. [&hellip;]<\/p>\n","protected":false},"author":50,"featured_media":0,"parent":0,"menu_order":1,"comment_status":"closed","ping_status":"closed","template":"","meta":{"_acf_changed":false,"_relevanssi_hide_post":"","_relevanssi_hide_content":"","_relevanssi_pin_for_all":"","_relevanssi_pin_keywords":"","_relevanssi_unpin_keywords":"","_relevanssi_related_keywords":"","_relevanssi_related_include_ids":"","_relevanssi_related_exclude_ids":"","_relevanssi_related_no_append":"","_relevanssi_related_not_related":"","_relevanssi_related_posts":"","_relevanssi_noindex_reason":"","footnotes":""},"class_list":["post-4676","page","type-page","status-publish","hentry"],"acf":[],"yoast_head":"<!-- This site is optimized with the Yoast SEO plugin v27.4 - https:\/\/yoast.com\/product\/yoast-seo-wordpress\/ -->\n<title>\u00dcber uns - Fuss e.V. Bochum<\/title>\n<meta name=\"robots\" content=\"noindex, follow, max-snippet:-1, max-image-preview:large, max-video-preview:-1\" \/>\n<meta property=\"og:locale\" content=\"de_DE\" \/>\n<meta property=\"og:type\" content=\"article\" \/>\n<meta property=\"og:title\" content=\"\u00dcber uns - Fuss e.V. Bochum\" \/>\n<meta property=\"og:description\" content=\"[vc_row][vc_column width=&#8221;1\/4&#8243; css=&#8221;.vc_custom_1764252879088{background-color: #FFFFFF !important;}&#8221;][vc_single_image image=&#8221;5001&#8243; img_size=&#8221;medium&#8221; css=&#8221;&#8221;][\/vc_column][vc_column width=&#8221;1\/2&#8243; css=&#8221;.vc_custom_1764253451223{background-color: #FFFFFF !important;border-color: #A6DB1C !important;}&#8221;][vc_custom_heading text=&#8221;Der Fuss e.V. in Bochum&#8221; google_fonts=&#8221;font_family:Arimo%3Aregular%2Citalic%2C700%2C700italic|font_style:700%20bold%20regular%3A700%3Anormal&#8221; css=&#8221;&#8221;][vc_column_text css=&#8221;.vc_custom_1768130600278{margin-right: 0px !important;border-radius: 4px !important;border-color: #A6DB1C !important;}&#8221;] Unsere noch junge Vertretung des FUSS e.V. [&hellip;]\" \/>\n<meta property=\"og:url\" content=\"https:\/\/www.fuss-ev.de\/bochum\/ueber-uns\/\" \/>\n<meta property=\"og:site_name\" content=\"Fuss e.V. Bochum\" \/>\n<meta property=\"article:modified_time\" content=\"2026-01-14T18:56:37+00:00\" \/>\n<meta name=\"twitter:card\" content=\"summary_large_image\" \/>\n<meta name=\"twitter:label1\" content=\"Gesch\u00e4tzte Lesezeit\" \/>\n\t<meta name=\"twitter:data1\" content=\"3\u00a0Minuten\" \/>\n<script type=\"application\/ld+json\" class=\"yoast-schema-graph\">{\"@context\":\"https:\\\/\\\/schema.org\",\"@graph\":[{\"@type\":\"WebPage\",\"@id\":\"https:\\\/\\\/www.fuss-ev.de\\\/bochum\\\/ueber-uns\\\/\",\"url\":\"https:\\\/\\\/www.fuss-ev.de\\\/bochum\\\/ueber-uns\\\/\",\"name\":\"\u00dcber uns - Fuss e.V. Bochum\",\"isPartOf\":{\"@id\":\"https:\\\/\\\/www.fuss-ev.de\\\/bochum\\\/#website\"},\"datePublished\":\"2025-11-13T14:21:47+00:00\",\"dateModified\":\"2026-01-14T18:56:37+00:00\",\"breadcrumb\":{\"@id\":\"https:\\\/\\\/www.fuss-ev.de\\\/bochum\\\/ueber-uns\\\/#breadcrumb\"},\"inLanguage\":\"de\",\"potentialAction\":[{\"@type\":\"ReadAction\",\"target\":[\"https:\\\/\\\/www.fuss-ev.de\\\/bochum\\\/ueber-uns\\\/\"]}]},{\"@type\":\"BreadcrumbList\",\"@id\":\"https:\\\/\\\/www.fuss-ev.de\\\/bochum\\\/ueber-uns\\\/#breadcrumb\",\"itemListElement\":[{\"@type\":\"ListItem\",\"position\":1,\"name\":\"Startseite\",\"item\":\"https:\\\/\\\/www.fuss-ev.de\\\/bochum\\\/\"},{\"@type\":\"ListItem\",\"position\":2,\"name\":\"\u00dcber uns\"}]},{\"@type\":\"WebSite\",\"@id\":\"https:\\\/\\\/www.fuss-ev.de\\\/bochum\\\/#website\",\"url\":\"https:\\\/\\\/www.fuss-ev.de\\\/bochum\\\/\",\"name\":\"Fuss e.V. Bochum\",\"description\":\"\",\"publisher\":{\"@id\":\"https:\\\/\\\/www.fuss-ev.de\\\/bochum\\\/#organization\"},\"potentialAction\":[{\"@type\":\"SearchAction\",\"target\":{\"@type\":\"EntryPoint\",\"urlTemplate\":\"https:\\\/\\\/www.fuss-ev.de\\\/bochum\\\/?s={search_term_string}\"},\"query-input\":{\"@type\":\"PropertyValueSpecification\",\"valueRequired\":true,\"valueName\":\"search_term_string\"}}],\"inLanguage\":\"de\"},{\"@type\":\"Organization\",\"@id\":\"https:\\\/\\\/www.fuss-ev.de\\\/bochum\\\/#organization\",\"name\":\"Fuss e.V. Bochum\",\"url\":\"https:\\\/\\\/www.fuss-ev.de\\\/bochum\\\/\",\"logo\":{\"@type\":\"ImageObject\",\"inLanguage\":\"de\",\"@id\":\"https:\\\/\\\/www.fuss-ev.de\\\/bochum\\\/#\\\/schema\\\/logo\\\/image\\\/\",\"url\":\"https:\\\/\\\/www.fuss-ev.de\\\/bochum\\\/wp-content\\\/uploads\\\/sites\\\/26\\\/2025\\\/01\\\/FUSS_Logo.jpg\",\"contentUrl\":\"https:\\\/\\\/www.fuss-ev.de\\\/bochum\\\/wp-content\\\/uploads\\\/sites\\\/26\\\/2025\\\/01\\\/FUSS_Logo.jpg\",\"width\":2082,\"height\":979,\"caption\":\"Fuss e.V. Bochum\"},\"image\":{\"@id\":\"https:\\\/\\\/www.fuss-ev.de\\\/bochum\\\/#\\\/schema\\\/logo\\\/image\\\/\"}}]}<\/script>\n<!-- \/ Yoast SEO plugin. -->","yoast_head_json":{"title":"\u00dcber uns - Fuss e.V. Bochum","robots":{"index":"noindex","follow":"follow","max-snippet":"max-snippet:-1","max-image-preview":"max-image-preview:large","max-video-preview":"max-video-preview:-1"},"og_locale":"de_DE","og_type":"article","og_title":"\u00dcber uns - Fuss e.V. Bochum","og_description":"[vc_row][vc_column width=&#8221;1\/4&#8243; css=&#8221;.vc_custom_1764252879088{background-color: #FFFFFF !important;}&#8221;][vc_single_image image=&#8221;5001&#8243; img_size=&#8221;medium&#8221; css=&#8221;&#8221;][\/vc_column][vc_column width=&#8221;1\/2&#8243; css=&#8221;.vc_custom_1764253451223{background-color: #FFFFFF !important;border-color: #A6DB1C !important;}&#8221;][vc_custom_heading text=&#8221;Der Fuss e.V. in Bochum&#8221; google_fonts=&#8221;font_family:Arimo%3Aregular%2Citalic%2C700%2C700italic|font_style:700%20bold%20regular%3A700%3Anormal&#8221; css=&#8221;&#8221;][vc_column_text css=&#8221;.vc_custom_1768130600278{margin-right: 0px !important;border-radius: 4px !important;border-color: #A6DB1C !important;}&#8221;] Unsere noch junge Vertretung des FUSS e.V. [&hellip;]","og_url":"https:\/\/www.fuss-ev.de\/bochum\/ueber-uns\/","og_site_name":"Fuss e.V. Bochum","article_modified_time":"2026-01-14T18:56:37+00:00","twitter_card":"summary_large_image","twitter_misc":{"Gesch\u00e4tzte Lesezeit":"3\u00a0Minuten"},"schema":{"@context":"https:\/\/schema.org","@graph":[{"@type":"WebPage","@id":"https:\/\/www.fuss-ev.de\/bochum\/ueber-uns\/","url":"https:\/\/www.fuss-ev.de\/bochum\/ueber-uns\/","name":"\u00dcber uns - Fuss e.V. Bochum","isPartOf":{"@id":"https:\/\/www.fuss-ev.de\/bochum\/#website"},"datePublished":"2025-11-13T14:21:47+00:00","dateModified":"2026-01-14T18:56:37+00:00","breadcrumb":{"@id":"https:\/\/www.fuss-ev.de\/bochum\/ueber-uns\/#breadcrumb"},"inLanguage":"de","potentialAction":[{"@type":"ReadAction","target":["https:\/\/www.fuss-ev.de\/bochum\/ueber-uns\/"]}]},{"@type":"BreadcrumbList","@id":"https:\/\/www.fuss-ev.de\/bochum\/ueber-uns\/#breadcrumb","itemListElement":[{"@type":"ListItem","position":1,"name":"Startseite","item":"https:\/\/www.fuss-ev.de\/bochum\/"},{"@type":"ListItem","position":2,"name":"\u00dcber uns"}]},{"@type":"WebSite","@id":"https:\/\/www.fuss-ev.de\/bochum\/#website","url":"https:\/\/www.fuss-ev.de\/bochum\/","name":"Fuss e.V. Bochum","description":"","publisher":{"@id":"https:\/\/www.fuss-ev.de\/bochum\/#organization"},"potentialAction":[{"@type":"SearchAction","target":{"@type":"EntryPoint","urlTemplate":"https:\/\/www.fuss-ev.de\/bochum\/?s={search_term_string}"},"query-input":{"@type":"PropertyValueSpecification","valueRequired":true,"valueName":"search_term_string"}}],"inLanguage":"de"},{"@type":"Organization","@id":"https:\/\/www.fuss-ev.de\/bochum\/#organization","name":"Fuss e.V. Bochum","url":"https:\/\/www.fuss-ev.de\/bochum\/","logo":{"@type":"ImageObject","inLanguage":"de","@id":"https:\/\/www.fuss-ev.de\/bochum\/#\/schema\/logo\/image\/","url":"https:\/\/www.fuss-ev.de\/bochum\/wp-content\/uploads\/sites\/26\/2025\/01\/FUSS_Logo.jpg","contentUrl":"https:\/\/www.fuss-ev.de\/bochum\/wp-content\/uploads\/sites\/26\/2025\/01\/FUSS_Logo.jpg","width":2082,"height":979,"caption":"Fuss e.V. Bochum"},"image":{"@id":"https:\/\/www.fuss-ev.de\/bochum\/#\/schema\/logo\/image\/"}}]}},"publishpress_future_action":{"enabled":false,"date":"2026-05-07 03:53:39","action":"change-status","newStatus":"draft","terms":[],"taxonomy":"","extraData":[]},"publishpress_future_workflow_manual_trigger":{"enabledWorkflows":[]},"_links":{"self":[{"href":"https:\/\/www.fuss-ev.de\/bochum\/wp-json\/wp\/v2\/pages\/4676","targetHints":{"allow":["GET"]}}],"collection":[{"href":"https:\/\/www.fuss-ev.de\/bochum\/wp-json\/wp\/v2\/pages"}],"about":[{"href":"https:\/\/www.fuss-ev.de\/bochum\/wp-json\/wp\/v2\/types\/page"}],"author":[{"embeddable":true,"href":"https:\/\/www.fuss-ev.de\/bochum\/wp-json\/wp\/v2\/users\/50"}],"replies":[{"embeddable":true,"href":"https:\/\/www.fuss-ev.de\/bochum\/wp-json\/wp\/v2\/comments?post=4676"}],"version-history":[{"count":69,"href":"https:\/\/www.fuss-ev.de\/bochum\/wp-json\/wp\/v2\/pages\/4676\/revisions"}],"predecessor-version":[{"id":5123,"href":"https:\/\/www.fuss-ev.de\/bochum\/wp-json\/wp\/v2\/pages\/4676\/revisions\/5123"}],"wp:attachment":[{"href":"https:\/\/www.fuss-ev.de\/bochum\/wp-json\/wp\/v2\/media?parent=4676"}],"curies":[{"name":"wp","href":"https:\/\/api.w.org\/{rel}","templated":true}]}}