{"id":5856,"date":"2026-03-15T23:22:53","date_gmt":"2026-03-15T22:22:53","guid":{"rendered":"https:\/\/www.fuss-ev.de\/berlin\/?post_type=tribe_events&#038;p=5856"},"modified":"2026-04-10T16:47:06","modified_gmt":"2026-04-10T14:47:06","slug":"gruener-hauptweg-15","status":"publish","type":"tribe_events","link":"https:\/\/www.fuss-ev.de\/berlin\/event\/gruener-hauptweg-15\/","title":{"rendered":"Gr\u00fcner Hauptweg #15"},"content":{"rendered":"<p>Am 30. Mai setzen wir unsere Erkundung der Gr\u00fcnen Hauptwege fort. Bei dem Spaziergang Ende Mai wird ein St\u00fcck des Hauptwegs Nr. 15, der Teltower D\u00f6rferweg, abgegangen. Informationen zu diesem Weg findet ihr auf der <a href=\"https:\/\/www.berlin.de\/sen\/uvk\/natur-und-gruen\/landschaftsplanung\/gruene-hauptwege\/die-wege-im-ueberblick\/artikel.930403.php\" target=\"_blank\" rel=\"noopener\">Seite der Senatsverwaltung hier<\/a>.<\/p>\n<p>Der Spaziergang findet unter dem Motto \u201cUrbane Gr\u00fcnz\u00fcge am Stadtrand \u2013 Marienfelde und Lichtenrade\u201d statt. Der Weg f\u00fchrt uns von der Haltestelle Sondershauser Stra\u00dfe \u00fcber den\u00a0 Lichterfelder Ring, die Gro\u00dfwohnsiedlung Waldsassener Stra\u00dfe, den\u00a0 Schlehenberg, den Freizeitpark Marienfelde, den G\u00fcterbahnau\u00dfenring, die Baumalleen und Durchwegungen in Lichtenrade, die Buckower Feldmark und endet an der Haltestelle Delmer Steig.<\/p>\n<p>Los geht es am Samstag, den 30. Mai um 11 Uhr an der Haltestelle Sondershauser Stra\u00dfe. <a href=\"https:\/\/www.fuss-ev.de\/berlin\/wp-content\/uploads\/sites\/6\/2026\/04\/20260410-Flyer-Gruener-Hauptweg-15.pdf\">Den Flyer mit allen weiteren Informationen finden Sie hier im pdf-Format.<\/a><\/p>\n","protected":false},"excerpt":{"rendered":"<p>Am 30. Mai setzen wir unsere Erkundung der Gr\u00fcnen Hauptwege fort. Bei dem Spaziergang Ende Mai wird ein St\u00fcck des Hauptwegs Nr. 15, der Teltower D\u00f6rferweg, abgegangen. Informationen zu diesem Weg findet ihr auf der [&hellip;]<\/p>\n","protected":false},"author":57,"featured_media":0,"template":"","meta":{"_acf_changed":false,"_relevanssi_hide_post":"","_relevanssi_hide_content":"","_relevanssi_pin_for_all":"","_relevanssi_pin_keywords":"","_relevanssi_unpin_keywords":"","_relevanssi_related_keywords":"","_relevanssi_related_include_ids":"","_relevanssi_related_exclude_ids":"","_relevanssi_related_no_append":"","_relevanssi_related_not_related":"","_relevanssi_related_posts":"","_relevanssi_noindex_reason":"","_tribe_events_status":"","_tribe_events_status_reason":"","footnotes":""},"tags":[],"tribe_events_cat":[57],"class_list":["post-5856","tribe_events","type-tribe_events","status-publish","hentry","tribe_events_cat-spaziergaenge","cat_spaziergaenge"],"acf":[],"yoast_head":"<!-- This site is optimized with the Yoast SEO plugin v27.4 - https:\/\/yoast.com\/product\/yoast-seo-wordpress\/ -->\n<title>Gr\u00fcner Hauptweg #15 - Berlin - FUSS e.V.<\/title>\n<meta name=\"robots\" content=\"index, follow, max-snippet:-1, max-image-preview:large, max-video-preview:-1\" \/>\n<link rel=\"canonical\" href=\"https:\/\/www.fuss-ev.de\/berlin\/event\/gruener-hauptweg-15\/\" \/>\n<meta property=\"og:locale\" content=\"de_DE\" \/>\n<meta property=\"og:type\" content=\"article\" \/>\n<meta property=\"og:title\" content=\"Gr\u00fcner Hauptweg #15 - Berlin - FUSS e.V.\" \/>\n<meta property=\"og:description\" content=\"Am 30. Mai setzen wir unsere Erkundung der Gr\u00fcnen Hauptwege fort. Bei dem Spaziergang Ende Mai wird ein St\u00fcck des Hauptwegs Nr. 15, der Teltower D\u00f6rferweg, abgegangen. Informationen zu diesem Weg findet ihr auf der [&hellip;]\" \/>\n<meta property=\"og:url\" content=\"https:\/\/www.fuss-ev.de\/berlin\/event\/gruener-hauptweg-15\/\" \/>\n<meta property=\"og:site_name\" content=\"Berlin - FUSS e.V.\" \/>\n<meta property=\"article:modified_time\" content=\"2026-04-10T14:47:06+00:00\" \/>\n<meta name=\"twitter:card\" content=\"summary_large_image\" \/>\n<meta name=\"twitter:label1\" content=\"Gesch\u00e4tzte Lesezeit\" \/>\n\t<meta name=\"twitter:data1\" content=\"1\u00a0Minute\" \/>\n<script type=\"application\/ld+json\" class=\"yoast-schema-graph\">{\"@context\":\"https:\\\/\\\/schema.org\",\"@graph\":[{\"@type\":\"WebPage\",\"@id\":\"https:\\\/\\\/www.fuss-ev.de\\\/berlin\\\/event\\\/gruener-hauptweg-15\\\/\",\"url\":\"https:\\\/\\\/www.fuss-ev.de\\\/berlin\\\/event\\\/gruener-hauptweg-15\\\/\",\"name\":\"Gr\u00fcner Hauptweg #15 - Berlin - FUSS e.V.\",\"isPartOf\":{\"@id\":\"https:\\\/\\\/www.fuss-ev.de\\\/berlin\\\/#website\"},\"datePublished\":\"2026-03-15T22:22:53+00:00\",\"dateModified\":\"2026-04-10T14:47:06+00:00\",\"breadcrumb\":{\"@id\":\"https:\\\/\\\/www.fuss-ev.de\\\/berlin\\\/event\\\/gruener-hauptweg-15\\\/#breadcrumb\"},\"inLanguage\":\"de\",\"potentialAction\":[{\"@type\":\"ReadAction\",\"target\":[\"https:\\\/\\\/www.fuss-ev.de\\\/berlin\\\/event\\\/gruener-hauptweg-15\\\/\"]}]},{\"@type\":\"BreadcrumbList\",\"@id\":\"https:\\\/\\\/www.fuss-ev.de\\\/berlin\\\/event\\\/gruener-hauptweg-15\\\/#breadcrumb\",\"itemListElement\":[{\"@type\":\"ListItem\",\"position\":1,\"name\":\"Startseite\",\"item\":\"https:\\\/\\\/www.fuss-ev.de\\\/berlin\\\/\"},{\"@type\":\"ListItem\",\"position\":2,\"name\":\"Veranstaltungen\",\"item\":\"https:\\\/\\\/www.fuss-ev.de\\\/berlin\\\/events\\\/\"},{\"@type\":\"ListItem\",\"position\":3,\"name\":\"Gr\u00fcner Hauptweg #15\"}]},{\"@type\":\"WebSite\",\"@id\":\"https:\\\/\\\/www.fuss-ev.de\\\/berlin\\\/#website\",\"url\":\"https:\\\/\\\/www.fuss-ev.de\\\/berlin\\\/\",\"name\":\"Berlin - FUSS e.V.\",\"description\":\"\",\"publisher\":{\"@id\":\"https:\\\/\\\/www.fuss-ev.de\\\/berlin\\\/#organization\"},\"potentialAction\":[{\"@type\":\"SearchAction\",\"target\":{\"@type\":\"EntryPoint\",\"urlTemplate\":\"https:\\\/\\\/www.fuss-ev.de\\\/berlin\\\/?s={search_term_string}\"},\"query-input\":{\"@type\":\"PropertyValueSpecification\",\"valueRequired\":true,\"valueName\":\"search_term_string\"}}],\"inLanguage\":\"de\"},{\"@type\":\"Organization\",\"@id\":\"https:\\\/\\\/www.fuss-ev.de\\\/berlin\\\/#organization\",\"name\":\"Berlin - FUSS e.V.\",\"url\":\"https:\\\/\\\/www.fuss-ev.de\\\/berlin\\\/\",\"logo\":{\"@type\":\"ImageObject\",\"inLanguage\":\"de\",\"@id\":\"https:\\\/\\\/www.fuss-ev.de\\\/berlin\\\/#\\\/schema\\\/logo\\\/image\\\/\",\"url\":\"https:\\\/\\\/www.fuss-ev.de\\\/berlin\\\/wp-content\\\/uploads\\\/sites\\\/6\\\/2025\\\/01\\\/FUSS_Logo.jpg\",\"contentUrl\":\"https:\\\/\\\/www.fuss-ev.de\\\/berlin\\\/wp-content\\\/uploads\\\/sites\\\/6\\\/2025\\\/01\\\/FUSS_Logo.jpg\",\"width\":2082,\"height\":979,\"caption\":\"Berlin - FUSS e.V.\"},\"image\":{\"@id\":\"https:\\\/\\\/www.fuss-ev.de\\\/berlin\\\/#\\\/schema\\\/logo\\\/image\\\/\"},\"sameAs\":[\"https:\\\/\\\/www.instagram.com\\\/fuss.berlin\\\/\"]}]}<\/script>\n<!-- \/ Yoast SEO plugin. -->","yoast_head_json":{"title":"Gr\u00fcner Hauptweg #15 - Berlin - FUSS e.V.","robots":{"index":"index","follow":"follow","max-snippet":"max-snippet:-1","max-image-preview":"max-image-preview:large","max-video-preview":"max-video-preview:-1"},"canonical":"https:\/\/www.fuss-ev.de\/berlin\/event\/gruener-hauptweg-15\/","og_locale":"de_DE","og_type":"article","og_title":"Gr\u00fcner Hauptweg #15 - Berlin - FUSS e.V.","og_description":"Am 30. Mai setzen wir unsere Erkundung der Gr\u00fcnen Hauptwege fort. Bei dem Spaziergang Ende Mai wird ein St\u00fcck des Hauptwegs Nr. 15, der Teltower D\u00f6rferweg, abgegangen. Informationen zu diesem Weg findet ihr auf der [&hellip;]","og_url":"https:\/\/www.fuss-ev.de\/berlin\/event\/gruener-hauptweg-15\/","og_site_name":"Berlin - FUSS e.V.","article_modified_time":"2026-04-10T14:47:06+00:00","twitter_card":"summary_large_image","twitter_misc":{"Gesch\u00e4tzte Lesezeit":"1\u00a0Minute"},"schema":{"@context":"https:\/\/schema.org","@graph":[{"@type":"WebPage","@id":"https:\/\/www.fuss-ev.de\/berlin\/event\/gruener-hauptweg-15\/","url":"https:\/\/www.fuss-ev.de\/berlin\/event\/gruener-hauptweg-15\/","name":"Gr\u00fcner Hauptweg #15 - Berlin - FUSS e.V.","isPartOf":{"@id":"https:\/\/www.fuss-ev.de\/berlin\/#website"},"datePublished":"2026-03-15T22:22:53+00:00","dateModified":"2026-04-10T14:47:06+00:00","breadcrumb":{"@id":"https:\/\/www.fuss-ev.de\/berlin\/event\/gruener-hauptweg-15\/#breadcrumb"},"inLanguage":"de","potentialAction":[{"@type":"ReadAction","target":["https:\/\/www.fuss-ev.de\/berlin\/event\/gruener-hauptweg-15\/"]}]},{"@type":"BreadcrumbList","@id":"https:\/\/www.fuss-ev.de\/berlin\/event\/gruener-hauptweg-15\/#breadcrumb","itemListElement":[{"@type":"ListItem","position":1,"name":"Startseite","item":"https:\/\/www.fuss-ev.de\/berlin\/"},{"@type":"ListItem","position":2,"name":"Veranstaltungen","item":"https:\/\/www.fuss-ev.de\/berlin\/events\/"},{"@type":"ListItem","position":3,"name":"Gr\u00fcner Hauptweg #15"}]},{"@type":"WebSite","@id":"https:\/\/www.fuss-ev.de\/berlin\/#website","url":"https:\/\/www.fuss-ev.de\/berlin\/","name":"Berlin - FUSS e.V.","description":"","publisher":{"@id":"https:\/\/www.fuss-ev.de\/berlin\/#organization"},"potentialAction":[{"@type":"SearchAction","target":{"@type":"EntryPoint","urlTemplate":"https:\/\/www.fuss-ev.de\/berlin\/?s={search_term_string}"},"query-input":{"@type":"PropertyValueSpecification","valueRequired":true,"valueName":"search_term_string"}}],"inLanguage":"de"},{"@type":"Organization","@id":"https:\/\/www.fuss-ev.de\/berlin\/#organization","name":"Berlin - FUSS e.V.","url":"https:\/\/www.fuss-ev.de\/berlin\/","logo":{"@type":"ImageObject","inLanguage":"de","@id":"https:\/\/www.fuss-ev.de\/berlin\/#\/schema\/logo\/image\/","url":"https:\/\/www.fuss-ev.de\/berlin\/wp-content\/uploads\/sites\/6\/2025\/01\/FUSS_Logo.jpg","contentUrl":"https:\/\/www.fuss-ev.de\/berlin\/wp-content\/uploads\/sites\/6\/2025\/01\/FUSS_Logo.jpg","width":2082,"height":979,"caption":"Berlin - FUSS e.V."},"image":{"@id":"https:\/\/www.fuss-ev.de\/berlin\/#\/schema\/logo\/image\/"},"sameAs":["https:\/\/www.instagram.com\/fuss.berlin\/"]}]}},"publishpress_future_workflow_manual_trigger":{"enabledWorkflows":[]},"_links":{"self":[{"href":"https:\/\/www.fuss-ev.de\/berlin\/wp-json\/wp\/v2\/tribe_events\/5856","targetHints":{"allow":["GET"]}}],"collection":[{"href":"https:\/\/www.fuss-ev.de\/berlin\/wp-json\/wp\/v2\/tribe_events"}],"about":[{"href":"https:\/\/www.fuss-ev.de\/berlin\/wp-json\/wp\/v2\/types\/tribe_events"}],"author":[{"embeddable":true,"href":"https:\/\/www.fuss-ev.de\/berlin\/wp-json\/wp\/v2\/users\/57"}],"version-history":[{"count":3,"href":"https:\/\/www.fuss-ev.de\/berlin\/wp-json\/wp\/v2\/tribe_events\/5856\/revisions"}],"predecessor-version":[{"id":5913,"href":"https:\/\/www.fuss-ev.de\/berlin\/wp-json\/wp\/v2\/tribe_events\/5856\/revisions\/5913"}],"wp:attachment":[{"href":"https:\/\/www.fuss-ev.de\/berlin\/wp-json\/wp\/v2\/media?parent=5856"}],"wp:term":[{"taxonomy":"post_tag","embeddable":true,"href":"https:\/\/www.fuss-ev.de\/berlin\/wp-json\/wp\/v2\/tags?post=5856"},{"taxonomy":"tribe_events_cat","embeddable":true,"href":"https:\/\/www.fuss-ev.de\/berlin\/wp-json\/wp\/v2\/tribe_events_cat?post=5856"}],"curies":[{"name":"wp","href":"https:\/\/api.w.org\/{rel}","templated":true}]}}

Grüner Hauptweg #15

<p>Am 30. Mai setzen wir unsere Erkundung der Grünen Hauptwege fort. Bei dem Spaziergang Ende Mai wird ein Stück des Hauptwegs Nr. 15, der Teltower Dörferweg, abgegangen. Informationen zu diesem Weg findet ihr auf der <a href="https://www.berlin.de/sen/uvk/natur-und-gruen/landschaftsplanung/gruene-hauptwege/die-wege-im-ueberblick/artikel.930403.php" target="_blank" rel="noopener">Seite der Senatsverwaltung hier</a>.</p>
<p>Der Spaziergang findet unter dem Motto “Urbane Grünzüge am Stadtrand – Marienfelde und Lichtenrade” statt. Der Weg führt uns von der Haltestelle Sondershauser Straße über den  Lichterfelder Ring, die Großwohnsiedlung Waldsassener Straße, den  Schlehenberg, den Freizeitpark Marienfelde, den Güterbahnaußenring, die Baumalleen und Durchwegungen in Lichtenrade, die Buckower Feldmark und endet an der Haltestelle Delmer Steig.</p>
<p>Los geht es am Samstag, den 30. Mai um 11 Uhr an der Haltestelle Sondershauser Straße. <a href="https://www.fuss-ev.de/berlin/wp-content/uploads/sites/6/2026/04/20260410-Flyer-Gruener-Hauptweg-15.pdf">Den Flyer mit allen weiteren Informationen finden Sie hier im pdf-Format.</a></p>

<p>Am 30. Mai setzen wir unsere Erkundung der Grünen Hauptwege fort. Bei dem Spaziergang Ende Mai wird ein Stück des Hauptwegs Nr. 15, der Teltower Dörferweg, abgegangen. Informationen zu diesem Weg findet ihr auf der [&hellip;]</p>

<!-- This site is optimized with the Yoast SEO plugin v27.4 - https://yoast.com/product/yoast-seo-wordpress/ -->
<title>Grüner Hauptweg #15 - Berlin - FUSS e.V.</title>
<meta name="robots" content="index, follow, max-snippet:-1, max-image-preview:large, max-video-preview:-1" />
<link rel="canonical" href="https://www.fuss-ev.de/berlin/event/gruener-hauptweg-15/" />
<meta property="og:locale" content="de_DE" />
<meta property="og:type" content="article" />
<meta property="og:title" content="Grüner Hauptweg #15 - Berlin - FUSS e.V." />
<meta property="og:description" content="Am 30. Mai setzen wir unsere Erkundung der Grünen Hauptwege fort. Bei dem Spaziergang Ende Mai wird ein Stück des Hauptwegs Nr. 15, der Teltower Dörferweg, abgegangen. Informationen zu diesem Weg findet ihr auf der [&hellip;]" />
<meta property="og:url" content="https://www.fuss-ev.de/berlin/event/gruener-hauptweg-15/" />
<meta property="og:site_name" content="Berlin - FUSS e.V." />
<meta property="article:modified_time" content="2026-04-10T14:47:06+00:00" />
<meta name="twitter:card" content="summary_large_image" />
<meta name="twitter:label1" content="Geschätzte Lesezeit" />
	<meta name="twitter:data1" content="1 Minute" />
<script type="application/ld+json" class="yoast-schema-graph">{"@context":"https:\/\/schema.org","@graph":[{"@type":"WebPage","@id":"https:\/\/www.fuss-ev.de\/berlin\/event\/gruener-hauptweg-15\/","url":"https:\/\/www.fuss-ev.de\/berlin\/event\/gruener-hauptweg-15\/","name":"Grüner Hauptweg #15 - Berlin - FUSS e.V.","isPartOf":{"@id":"https:\/\/www.fuss-ev.de\/berlin\/#website"},"datePublished":"2026-03-15T22:22:53+00:00","dateModified":"2026-04-10T14:47:06+00:00","breadcrumb":{"@id":"https:\/\/www.fuss-ev.de\/berlin\/event\/gruener-hauptweg-15\/#breadcrumb"},"inLanguage":"de","potentialAction":[{"@type":"ReadAction","target":["https:\/\/www.fuss-ev.de\/berlin\/event\/gruener-hauptweg-15\/"]}]},{"@type":"BreadcrumbList","@id":"https:\/\/www.fuss-ev.de\/berlin\/event\/gruener-hauptweg-15\/#breadcrumb","itemListElement":[{"@type":"ListItem","position":1,"name":"Startseite","item":"https:\/\/www.fuss-ev.de\/berlin\/"},{"@type":"ListItem","position":2,"name":"Veranstaltungen","item":"https:\/\/www.fuss-ev.de\/berlin\/events\/"},{"@type":"ListItem","position":3,"name":"Grüner Hauptweg #15"}]},{"@type":"WebSite","@id":"https:\/\/www.fuss-ev.de\/berlin\/#website","url":"https:\/\/www.fuss-ev.de\/berlin\/","name":"Berlin - FUSS e.V.","description":"","publisher":{"@id":"https:\/\/www.fuss-ev.de\/berlin\/#organization"},"potentialAction":[{"@type":"SearchAction","target":{"@type":"EntryPoint","urlTemplate":"https:\/\/www.fuss-ev.de\/berlin\/?s={search_term_string}"},"query-input":{"@type":"PropertyValueSpecification","valueRequired":true,"valueName":"search_term_string"}}],"inLanguage":"de"},{"@type":"Organization","@id":"https:\/\/www.fuss-ev.de\/berlin\/#organization","name":"Berlin - FUSS e.V.","url":"https:\/\/www.fuss-ev.de\/berlin\/","logo":{"@type":"ImageObject","inLanguage":"de","@id":"https:\/\/www.fuss-ev.de\/berlin\/#\/schema\/logo\/image\/","url":"https:\/\/www.fuss-ev.de\/berlin\/wp-content\/uploads\/sites\/6\/2025\/01\/FUSS_Logo.jpg","contentUrl":"https:\/\/www.fuss-ev.de\/berlin\/wp-content\/uploads\/sites\/6\/2025\/01\/FUSS_Logo.jpg","width":2082,"height":979,"caption":"Berlin - FUSS e.V."},"image":{"@id":"https:\/\/www.fuss-ev.de\/berlin\/#\/schema\/logo\/image\/"},"sameAs":["https:\/\/www.instagram.com\/fuss.berlin\/"]}]}</script>
<!-- / Yoast SEO plugin. -->

Grüner Hauptweg #15 - Berlin - FUSS e.V.

Am 30. Mai setzen wir unsere Erkundung der Grünen Hauptwege fort. Bei dem Spaziergang Ende Mai wird ein Stück des Hauptwegs Nr. 15, der Teltower Dörferweg, abgegangen. Informationen zu diesem Weg findet ihr auf der [&hellip;]
