{"id":85,"date":"2025-01-29T11:35:49","date_gmt":"2025-01-29T10:35:49","guid":{"rendered":"https:\/\/www.fuss-ev.de\/berlin\/?page_id=85"},"modified":"2026-02-01T12:31:14","modified_gmt":"2026-02-01T11:31:14","slug":"plaene-und-projekte","status":"publish","type":"page","link":"https:\/\/www.fuss-ev.de\/berlin\/infos-nuetzliches\/plaene-und-projekte\/","title":{"rendered":"Pl\u00e4ne und Projekte"},"content":{"rendered":"<div class=\"wpb-content-wrapper\"><p>[vc_row][vc_column width=&#8221;1\/6&#8243;][\/vc_column][vc_column width=&#8221;2\/3&#8243;][vc_column_text css=&#8221;&#8221;]<\/p>\n<h1>Pl\u00e4ne und Projekte<\/h1>\n<p><span style=\"font-size: 12pt\">Hier zeigen wir gute und weniger gute Pl\u00e4ne und Projekte des Senats und der Bezirke, zu denen wir uns engagieren.<\/span><\/p>\n<div class=\"vc_row wpb_row vc_row-fluid\">\n<div class=\"wpb_column vc_column_container vc_col-sm-12\">\n<div class=\"vc_column-inner\">\n<div class=\"wpb_wrapper\">\n<div class=\"wpb_text_column wpb_content_element\">\n<div class=\"wpb_wrapper\">\n<h2>Fu\u00dfverkehrsplan<\/h2>\n<p>Die Erstellung des Fu\u00dfverkehrsplans ist eine Pflichtaufgabe des Mobilit\u00e4tsgesetzes. Darin hei\u00dft es: &#8220;Im Fu\u00dfverkehrsplan werden verbindliche Kriterien zur Verbesserung des baulichen Zustandes des Fu\u00dfverkehrsnetzes aufgestellt. Er enth\u00e4lt Aussagen zum Ausbau, der Sanierung und zur Verbesserung der Qualit\u00e4t der Fu\u00dfverkehrswege, darunter auch der Modernisierung der Lichtsignalanlagen und der Beleuchtung.&#8221; DEr Plan sollte drei Jahre nach Verabschiedung des Gesetzes aufgestellt sein, das w\u00e4re im Januar 2024 gewesen.<\/p>\n<p>Positiv am j\u00fcngsten Entwurf (Stand Mai 2025) finden wir zum Gro\u00dfteil die Darstellung der Potenziale und Probleme des Fu\u00dfverkehrs. Allerdings gibt es gro\u00dfe Schw\u00e4chen im Abschnitt zur Sicherheit beim Fahrbahnqueren, in dem wichtige Unfallursachen bei Regeln und Infrastruktur nicht thematisiert werden, etwa zu hohe zugelassene und tolerierte Geschwindigkeit, gef\u00e4hrdende Ampelschaltungen und fehlende Querungshilfen.<\/p>\n<p>Gut sind die Standards f\u00fcr Gehwege und Querungen, mit Ausnahme eines Abschnitts zur \u201egemeinsame F\u00fchrung\u201c mit Radverkehr, die laut Mobilitsgesetz unzul\u00e4ssig ist.<\/p>\n<p>Unsere wichtigsten Krtikpunkte:<\/p>\n<ul>\n<li>Die Vorrangnetze sind zu schematisch. In der Innenstadt und weiteren dicht, gemischt und kleinteilig bebauten Gebieten hat fast jede Stra\u00dfen &#8220;Vorrang&#8221; &#8211; das inflationiert und entwertet den Begriff. In Au\u00dfenbezirken gibt es dagegen auf gro\u00dfen Fl\u00e4chen kaum oder gar keine Vorrangstra\u00dfen f\u00fcr den Fu\u00dfverkehr.<\/li>\n<li>Bei den Priorit\u00e4ten sind Themen genannt, aber keine priorit\u00e4ten Orte. Werden aber die an sehr vielen Orten n\u00f6tigen Verbesserungen lediglich benannt und nicht nach Dringlichkeit gewichtet, bleibt das Papier wertlos.<\/li>\n<li>Es gibt keine quantitativen Vorgaben oder auch nur Ziele, etwa zur j\u00e4hrlichen Sanierung von Gehweg-Metern pro Bezirk, zur Schafffung von Querungshilfen, zur R\u00e4umung von \u00fcberfrachteten Gehwegen mit Sondernutzungen oder Fahrzeugen oder zu B\u00e4nken.<\/li>\n<\/ul>\n<p>&nbsp;<\/p>\n<div class=\"vc_row wpb_row vc_row-fluid\">\n<div class=\"wpb_column vc_column_container vc_col-sm-12\">\n<div class=\"vc_column-inner\">\n<div class=\"wpb_wrapper\">\n<div class=\"wpb_text_column wpb_content_element\">\n<h2>A 100 und TVO (Tangentialverbindung Ost)<\/h2>\n<p>A 100 und TVO sind das ganze Gegenteil von Fu\u00dfverkehrsprojekten: Stra\u00dfen, auf und an denen niemand gehen darf. Es sind planerische Dinosaurier mit Urspr\u00fcngen aus der auto-berauschten Nachkriegszeit. Der FUSS e.V. ist ein Kind der B\u00fcrgerinitiative Westtangente, die in West-Berlin 1981 den gr\u00f6\u00dften dieser Dinosaurier erlegte &#8211; die Stadtautobahn Westtaangente, die durch das heutige Regierungsviertel, den Tiergarten, \u00fcber den Potsdamer Platz und den jeztigen Gleisdreieckpark f\u00fchren sollte und nach dem Mauerfall alle Stadtentwicklung unterdr\u00fcckt h\u00e4tte. In dieser Tradition stehen auch A 100 und TVO: Sie verschlingen viel Geld, t\u00f6ten Stadtteile und W\u00e4lder und provozieren mehr Autoverkehr in der Stadt. Denn sie schaffen neue Anreize zum Fahren, und keine Fahrt beginnt erst und endet schon auf der Schnellstra\u00dfe. Die TVO w\u00fcrde eine geplante Bahnstrecke blockieren, die A 100 Millarden binden, die besser in die Bahn investiert sind.<\/p>\n<p>Alles spricht gegen sie: Klimanot, Haushaltsnot, der Erhalt von Stadtqualit\u00e4t und von 16 Hektar Wald in der Wuhlheide. Mehr zu beiden Projekten bei der <a href=\"https:\/\/bi-a100.de\/\" target=\"_blank\" rel=\"noopener\">BI A 100<\/a> und\u00a0 bei der <a href=\"https:\/\/bi-wuhlheide.de\" target=\"_blank\" rel=\"noopener\">BI Wuhlheide<\/a>.<\/p>\n<\/div>\n<\/div>\n<\/div>\n<\/div>\n<\/div>\n<\/div>\n<\/div>\n<\/div>\n<\/div>\n<\/div>\n<\/div>\n<p>[\/vc_column_text][\/vc_column][vc_column width=&#8221;1\/6&#8243;][\/vc_column][\/vc_row][vc_row][vc_column][\/vc_column][\/vc_row][vc_row][vc_column][\/vc_column][\/vc_row][vc_section][\/vc_section]<\/p>\n<\/div>","protected":false},"excerpt":{"rendered":"<p>[vc_row][vc_column width=&#8221;1\/6&#8243;][\/vc_column][vc_column width=&#8221;2\/3&#8243;][vc_column_text css=&#8221;&#8221;] Pl\u00e4ne und Projekte Hier zeigen wir gute und weniger gute Pl\u00e4ne und Projekte des Senats und der Bezirke, zu denen wir uns engagieren. Fu\u00dfverkehrsplan Die Erstellung des Fu\u00dfverkehrsplans ist eine Pflichtaufgabe [&hellip;]<\/p>\n","protected":false},"author":1,"featured_media":0,"parent":4958,"menu_order":1,"comment_status":"closed","ping_status":"closed","template":"","meta":{"_acf_changed":false,"_relevanssi_hide_post":"","_relevanssi_hide_content":"","_relevanssi_pin_for_all":"","_relevanssi_pin_keywords":"","_relevanssi_unpin_keywords":"","_relevanssi_related_keywords":"","_relevanssi_related_include_ids":"","_relevanssi_related_exclude_ids":"","_relevanssi_related_no_append":"","_relevanssi_related_not_related":"","_relevanssi_related_posts":"","_relevanssi_noindex_reason":"","footnotes":""},"class_list":["post-85","page","type-page","status-publish","hentry"],"acf":[],"yoast_head":"<!-- This site is optimized with the Yoast SEO plugin v27.5 - https:\/\/yoast.com\/product\/yoast-seo-wordpress\/ -->\n<title>Pl\u00e4ne und Projekte - Berlin - FUSS e.V.<\/title>\n<meta name=\"description\" content=\"Pl\u00e4ne und Projekte zum Verkehr in Berlin: Fu\u00dfverkehrsplan, A 100 und TVO \u2013 mit unserer Bewertung, Kritik und politischen Einordnung.\" \/>\n<meta name=\"robots\" content=\"index, follow, max-snippet:-1, max-image-preview:large, max-video-preview:-1\" \/>\n<link rel=\"canonical\" href=\"https:\/\/www.fuss-ev.de\/berlin\/infos-nuetzliches\/plaene-und-projekte\/\" \/>\n<meta property=\"og:locale\" content=\"de_DE\" \/>\n<meta property=\"og:type\" content=\"article\" \/>\n<meta property=\"og:title\" content=\"Pl\u00e4ne und Projekte - Berlin - FUSS e.V.\" \/>\n<meta property=\"og:description\" content=\"Pl\u00e4ne und Projekte zum Verkehr in Berlin: Fu\u00dfverkehrsplan, A 100 und TVO \u2013 mit unserer Bewertung, Kritik und politischen Einordnung.\" \/>\n<meta property=\"og:url\" content=\"https:\/\/www.fuss-ev.de\/berlin\/infos-nuetzliches\/plaene-und-projekte\/\" \/>\n<meta property=\"og:site_name\" content=\"Berlin - FUSS e.V.\" \/>\n<meta property=\"article:modified_time\" content=\"2026-02-01T11:31:14+00:00\" \/>\n<meta name=\"twitter:card\" content=\"summary_large_image\" \/>\n<meta name=\"twitter:label1\" content=\"Gesch\u00e4tzte Lesezeit\" \/>\n\t<meta name=\"twitter:data1\" content=\"3\u00a0Minuten\" \/>\n<script type=\"application\/ld+json\" class=\"yoast-schema-graph\">{\"@context\":\"https:\\\/\\\/schema.org\",\"@graph\":[{\"@type\":\"WebPage\",\"@id\":\"https:\\\/\\\/www.fuss-ev.de\\\/berlin\\\/infos-nuetzliches\\\/plaene-und-projekte\\\/\",\"url\":\"https:\\\/\\\/www.fuss-ev.de\\\/berlin\\\/infos-nuetzliches\\\/plaene-und-projekte\\\/\",\"name\":\"Pl\u00e4ne und Projekte - Berlin - FUSS e.V.\",\"isPartOf\":{\"@id\":\"https:\\\/\\\/www.fuss-ev.de\\\/berlin\\\/#website\"},\"datePublished\":\"2025-01-29T10:35:49+00:00\",\"dateModified\":\"2026-02-01T11:31:14+00:00\",\"description\":\"Pl\u00e4ne und Projekte zum Verkehr in Berlin: Fu\u00dfverkehrsplan, A 100 und TVO \u2013 mit unserer Bewertung, Kritik und politischen Einordnung.\",\"breadcrumb\":{\"@id\":\"https:\\\/\\\/www.fuss-ev.de\\\/berlin\\\/infos-nuetzliches\\\/plaene-und-projekte\\\/#breadcrumb\"},\"inLanguage\":\"de\",\"potentialAction\":[{\"@type\":\"ReadAction\",\"target\":[\"https:\\\/\\\/www.fuss-ev.de\\\/berlin\\\/infos-nuetzliches\\\/plaene-und-projekte\\\/\"]}]},{\"@type\":\"BreadcrumbList\",\"@id\":\"https:\\\/\\\/www.fuss-ev.de\\\/berlin\\\/infos-nuetzliches\\\/plaene-und-projekte\\\/#breadcrumb\",\"itemListElement\":[{\"@type\":\"ListItem\",\"position\":1,\"name\":\"Startseite\",\"item\":\"https:\\\/\\\/www.fuss-ev.de\\\/berlin\\\/\"},{\"@type\":\"ListItem\",\"position\":2,\"name\":\"Infos und N\u00fctzliches\",\"item\":\"https:\\\/\\\/www.fuss-ev.de\\\/berlin\\\/infos-nuetzliches\\\/\"},{\"@type\":\"ListItem\",\"position\":3,\"name\":\"Pl\u00e4ne und Projekte\"}]},{\"@type\":\"WebSite\",\"@id\":\"https:\\\/\\\/www.fuss-ev.de\\\/berlin\\\/#website\",\"url\":\"https:\\\/\\\/www.fuss-ev.de\\\/berlin\\\/\",\"name\":\"Berlin - FUSS e.V.\",\"description\":\"\",\"publisher\":{\"@id\":\"https:\\\/\\\/www.fuss-ev.de\\\/berlin\\\/#organization\"},\"potentialAction\":[{\"@type\":\"SearchAction\",\"target\":{\"@type\":\"EntryPoint\",\"urlTemplate\":\"https:\\\/\\\/www.fuss-ev.de\\\/berlin\\\/?s={search_term_string}\"},\"query-input\":{\"@type\":\"PropertyValueSpecification\",\"valueRequired\":true,\"valueName\":\"search_term_string\"}}],\"inLanguage\":\"de\"},{\"@type\":\"Organization\",\"@id\":\"https:\\\/\\\/www.fuss-ev.de\\\/berlin\\\/#organization\",\"name\":\"Berlin - FUSS e.V.\",\"url\":\"https:\\\/\\\/www.fuss-ev.de\\\/berlin\\\/\",\"logo\":{\"@type\":\"ImageObject\",\"inLanguage\":\"de\",\"@id\":\"https:\\\/\\\/www.fuss-ev.de\\\/berlin\\\/#\\\/schema\\\/logo\\\/image\\\/\",\"url\":\"https:\\\/\\\/www.fuss-ev.de\\\/berlin\\\/wp-content\\\/uploads\\\/sites\\\/6\\\/2025\\\/01\\\/FUSS_Logo.jpg\",\"contentUrl\":\"https:\\\/\\\/www.fuss-ev.de\\\/berlin\\\/wp-content\\\/uploads\\\/sites\\\/6\\\/2025\\\/01\\\/FUSS_Logo.jpg\",\"width\":2082,\"height\":979,\"caption\":\"Berlin - FUSS e.V.\"},\"image\":{\"@id\":\"https:\\\/\\\/www.fuss-ev.de\\\/berlin\\\/#\\\/schema\\\/logo\\\/image\\\/\"},\"sameAs\":[\"https:\\\/\\\/www.instagram.com\\\/fuss.berlin\\\/\"]}]}<\/script>\n<!-- \/ Yoast SEO plugin. -->","yoast_head_json":{"title":"Pl\u00e4ne und Projekte - Berlin - FUSS e.V.","description":"Pl\u00e4ne und Projekte zum Verkehr in Berlin: Fu\u00dfverkehrsplan, A 100 und TVO \u2013 mit unserer Bewertung, Kritik und politischen Einordnung.","robots":{"index":"index","follow":"follow","max-snippet":"max-snippet:-1","max-image-preview":"max-image-preview:large","max-video-preview":"max-video-preview:-1"},"canonical":"https:\/\/www.fuss-ev.de\/berlin\/infos-nuetzliches\/plaene-und-projekte\/","og_locale":"de_DE","og_type":"article","og_title":"Pl\u00e4ne und Projekte - Berlin - FUSS e.V.","og_description":"Pl\u00e4ne und Projekte zum Verkehr in Berlin: Fu\u00dfverkehrsplan, A 100 und TVO \u2013 mit unserer Bewertung, Kritik und politischen Einordnung.","og_url":"https:\/\/www.fuss-ev.de\/berlin\/infos-nuetzliches\/plaene-und-projekte\/","og_site_name":"Berlin - FUSS e.V.","article_modified_time":"2026-02-01T11:31:14+00:00","twitter_card":"summary_large_image","twitter_misc":{"Gesch\u00e4tzte Lesezeit":"3\u00a0Minuten"},"schema":{"@context":"https:\/\/schema.org","@graph":[{"@type":"WebPage","@id":"https:\/\/www.fuss-ev.de\/berlin\/infos-nuetzliches\/plaene-und-projekte\/","url":"https:\/\/www.fuss-ev.de\/berlin\/infos-nuetzliches\/plaene-und-projekte\/","name":"Pl\u00e4ne und Projekte - Berlin - FUSS e.V.","isPartOf":{"@id":"https:\/\/www.fuss-ev.de\/berlin\/#website"},"datePublished":"2025-01-29T10:35:49+00:00","dateModified":"2026-02-01T11:31:14+00:00","description":"Pl\u00e4ne und Projekte zum Verkehr in Berlin: Fu\u00dfverkehrsplan, A 100 und TVO \u2013 mit unserer Bewertung, Kritik und politischen Einordnung.","breadcrumb":{"@id":"https:\/\/www.fuss-ev.de\/berlin\/infos-nuetzliches\/plaene-und-projekte\/#breadcrumb"},"inLanguage":"de","potentialAction":[{"@type":"ReadAction","target":["https:\/\/www.fuss-ev.de\/berlin\/infos-nuetzliches\/plaene-und-projekte\/"]}]},{"@type":"BreadcrumbList","@id":"https:\/\/www.fuss-ev.de\/berlin\/infos-nuetzliches\/plaene-und-projekte\/#breadcrumb","itemListElement":[{"@type":"ListItem","position":1,"name":"Startseite","item":"https:\/\/www.fuss-ev.de\/berlin\/"},{"@type":"ListItem","position":2,"name":"Infos und N\u00fctzliches","item":"https:\/\/www.fuss-ev.de\/berlin\/infos-nuetzliches\/"},{"@type":"ListItem","position":3,"name":"Pl\u00e4ne und Projekte"}]},{"@type":"WebSite","@id":"https:\/\/www.fuss-ev.de\/berlin\/#website","url":"https:\/\/www.fuss-ev.de\/berlin\/","name":"Berlin - FUSS e.V.","description":"","publisher":{"@id":"https:\/\/www.fuss-ev.de\/berlin\/#organization"},"potentialAction":[{"@type":"SearchAction","target":{"@type":"EntryPoint","urlTemplate":"https:\/\/www.fuss-ev.de\/berlin\/?s={search_term_string}"},"query-input":{"@type":"PropertyValueSpecification","valueRequired":true,"valueName":"search_term_string"}}],"inLanguage":"de"},{"@type":"Organization","@id":"https:\/\/www.fuss-ev.de\/berlin\/#organization","name":"Berlin - FUSS e.V.","url":"https:\/\/www.fuss-ev.de\/berlin\/","logo":{"@type":"ImageObject","inLanguage":"de","@id":"https:\/\/www.fuss-ev.de\/berlin\/#\/schema\/logo\/image\/","url":"https:\/\/www.fuss-ev.de\/berlin\/wp-content\/uploads\/sites\/6\/2025\/01\/FUSS_Logo.jpg","contentUrl":"https:\/\/www.fuss-ev.de\/berlin\/wp-content\/uploads\/sites\/6\/2025\/01\/FUSS_Logo.jpg","width":2082,"height":979,"caption":"Berlin - FUSS e.V."},"image":{"@id":"https:\/\/www.fuss-ev.de\/berlin\/#\/schema\/logo\/image\/"},"sameAs":["https:\/\/www.instagram.com\/fuss.berlin\/"]}]}},"publishpress_future_action":{"enabled":false,"date":"2026-05-20 18:57:34","action":"change-status","newStatus":"draft","terms":[],"taxonomy":"","extraData":[]},"publishpress_future_workflow_manual_trigger":{"enabledWorkflows":[]},"_links":{"self":[{"href":"https:\/\/www.fuss-ev.de\/berlin\/wp-json\/wp\/v2\/pages\/85","targetHints":{"allow":["GET"]}}],"collection":[{"href":"https:\/\/www.fuss-ev.de\/berlin\/wp-json\/wp\/v2\/pages"}],"about":[{"href":"https:\/\/www.fuss-ev.de\/berlin\/wp-json\/wp\/v2\/types\/page"}],"author":[{"embeddable":true,"href":"https:\/\/www.fuss-ev.de\/berlin\/wp-json\/wp\/v2\/users\/1"}],"replies":[{"embeddable":true,"href":"https:\/\/www.fuss-ev.de\/berlin\/wp-json\/wp\/v2\/comments?post=85"}],"version-history":[{"count":26,"href":"https:\/\/www.fuss-ev.de\/berlin\/wp-json\/wp\/v2\/pages\/85\/revisions"}],"predecessor-version":[{"id":5736,"href":"https:\/\/www.fuss-ev.de\/berlin\/wp-json\/wp\/v2\/pages\/85\/revisions\/5736"}],"up":[{"embeddable":true,"href":"https:\/\/www.fuss-ev.de\/berlin\/wp-json\/wp\/v2\/pages\/4958"}],"wp:attachment":[{"href":"https:\/\/www.fuss-ev.de\/berlin\/wp-json\/wp\/v2\/media?parent=85"}],"curies":[{"name":"wp","href":"https:\/\/api.w.org\/{rel}","templated":true}]}}